{"id":274,"date":"2023-11-19T23:07:29","date_gmt":"2023-11-19T22:07:29","guid":{"rendered":"http:\/\/designbylylo.com\/?page_id=274"},"modified":"2023-12-11T16:40:00","modified_gmt":"2023-12-11T15:40:00","slug":"dressing","status":"publish","type":"page","link":"https:\/\/designbylylo.com\/index.php\/home\/dressing\/","title":{"rendered":"Lit et Dressing"},"content":{"rendered":"\n<p>La nuit, la dimension la plus priv\u00e9e de notre vie, est enrichie de nouvelles suggestions de formes et de mat\u00e9riaux qui s&rsquo;associent pour cr\u00e9er des ambiances accueillantes. Nous \u00e9prouvons des sensations \u00e0 toucher et \u00e0 voir, en choisissant parmi la texture du bois, la vari\u00e9t\u00e9 des finitions laqu\u00e9es et le savoir-faire vestimentaire appliqu\u00e9 aux rev\u00eatements en cuir ou en tissu. Le style italien est ind\u00e9niable dans nos propositions, o\u00f9 beaut\u00e9 et prestige vont de pair avec fonctionnalit\u00e9.<\/p>\n\n\n\n<p>Les rangements pour les chambres explorent diff\u00e9rentes tendances et styles, utilisant des mat\u00e9riaux, des savoir-faire et des d\u00e9tails qui cr\u00e9ent une continuit\u00e9 insolite et agr\u00e9able avec le reste de la maison. Tout cela int\u00e8gre la culture du projet, la polyvalence et l&rsquo;attention aux d\u00e9tails qui transmettent le charme incomparable des meilleurs produits labellis\u00e9s Made in Italy.<\/p>\n\n\n\n<figure class=\"wp-block-gallery has-nested-images columns-default is-cropped wp-block-gallery-1 is-layout-flex wp-block-gallery-is-layout-flex\">\n<figure class=\"wp-block-image size-large\"><img loading=\"lazy\" decoding=\"async\" width=\"1024\" height=\"683\" data-id=\"127\" src=\"https:\/\/designbylylo.com\/wp-content\/uploads\/2023\/11\/UNADJUSTEDNONRAW_thumb_10162-1024x683.jpg\" alt=\"\" class=\"wp-image-127\" srcset=\"https:\/\/designbylylo.com\/wp-content\/uploads\/2023\/11\/UNADJUSTEDNONRAW_thumb_10162-1024x683.jpg 1024w, https:\/\/designbylylo.com\/wp-content\/uploads\/2023\/11\/UNADJUSTEDNONRAW_thumb_10162-300x200.jpg 300w, https:\/\/designbylylo.com\/wp-content\/uploads\/2023\/11\/UNADJUSTEDNONRAW_thumb_10162-768x512.jpg 768w, https:\/\/designbylylo.com\/wp-content\/uploads\/2023\/11\/UNADJUSTEDNONRAW_thumb_10162.jpg 1086w\" sizes=\"auto, (max-width: 1024px) 100vw, 1024px\" \/><\/figure>\n\n\n\n<figure class=\"wp-block-image size-large\"><img loading=\"lazy\" decoding=\"async\" width=\"1024\" height=\"683\" data-id=\"126\" src=\"https:\/\/designbylylo.com\/wp-content\/uploads\/2023\/11\/UNADJUSTEDNONRAW_thumb_10164-1-1024x683.jpg\" alt=\"\" class=\"wp-image-126\" srcset=\"https:\/\/designbylylo.com\/wp-content\/uploads\/2023\/11\/UNADJUSTEDNONRAW_thumb_10164-1-1024x683.jpg 1024w, https:\/\/designbylylo.com\/wp-content\/uploads\/2023\/11\/UNADJUSTEDNONRAW_thumb_10164-1-300x200.jpg 300w, https:\/\/designbylylo.com\/wp-content\/uploads\/2023\/11\/UNADJUSTEDNONRAW_thumb_10164-1-768x512.jpg 768w, https:\/\/designbylylo.com\/wp-content\/uploads\/2023\/11\/UNADJUSTEDNONRAW_thumb_10164-1.jpg 1086w\" sizes=\"auto, (max-width: 1024px) 100vw, 1024px\" \/><\/figure>\n\n\n\n<figure class=\"wp-block-image size-large\"><img loading=\"lazy\" decoding=\"async\" width=\"1024\" height=\"683\" data-id=\"116\" src=\"https:\/\/designbylylo.com\/wp-content\/uploads\/2023\/11\/UNADJUSTEDNONRAW_thumb_1015a-1024x683.jpg\" alt=\"\" class=\"wp-image-116\" srcset=\"https:\/\/designbylylo.com\/wp-content\/uploads\/2023\/11\/UNADJUSTEDNONRAW_thumb_1015a-1024x683.jpg 1024w, https:\/\/designbylylo.com\/wp-content\/uploads\/2023\/11\/UNADJUSTEDNONRAW_thumb_1015a-300x200.jpg 300w, https:\/\/designbylylo.com\/wp-content\/uploads\/2023\/11\/UNADJUSTEDNONRAW_thumb_1015a-768x512.jpg 768w, https:\/\/designbylylo.com\/wp-content\/uploads\/2023\/11\/UNADJUSTEDNONRAW_thumb_1015a.jpg 1086w\" sizes=\"auto, (max-width: 1024px) 100vw, 1024px\" \/><\/figure>\n\n\n\n<figure class=\"wp-block-image size-large\"><img loading=\"lazy\" decoding=\"async\" width=\"1024\" height=\"683\" data-id=\"62\" src=\"https:\/\/designbylylo.com\/wp-content\/uploads\/2023\/11\/UNADJUSTEDNONRAW_thumb_10154-1024x683.jpg\" alt=\"\" class=\"wp-image-62\" srcset=\"https:\/\/designbylylo.com\/wp-content\/uploads\/2023\/11\/UNADJUSTEDNONRAW_thumb_10154-1024x683.jpg 1024w, https:\/\/designbylylo.com\/wp-content\/uploads\/2023\/11\/UNADJUSTEDNONRAW_thumb_10154-300x200.jpg 300w, https:\/\/designbylylo.com\/wp-content\/uploads\/2023\/11\/UNADJUSTEDNONRAW_thumb_10154-768x512.jpg 768w, https:\/\/designbylylo.com\/wp-content\/uploads\/2023\/11\/UNADJUSTEDNONRAW_thumb_10154.jpg 1086w\" sizes=\"auto, (max-width: 1024px) 100vw, 1024px\" \/><\/figure>\n<\/figure>\n\n\n\n<figure class=\"wp-block-gallery has-nested-images columns-default is-cropped wp-block-gallery-2 is-layout-flex wp-block-gallery-is-layout-flex\">\n<figure class=\"wp-block-image size-large\"><img loading=\"lazy\" decoding=\"async\" width=\"1024\" height=\"683\" data-id=\"374\" src=\"https:\/\/designbylylo.com\/wp-content\/uploads\/2023\/11\/UNADJUSTEDNONRAW_thumb_1015e-1-1024x683.jpg\" alt=\"\" class=\"wp-image-374\" srcset=\"https:\/\/designbylylo.com\/wp-content\/uploads\/2023\/11\/UNADJUSTEDNONRAW_thumb_1015e-1-1024x683.jpg 1024w, https:\/\/designbylylo.com\/wp-content\/uploads\/2023\/11\/UNADJUSTEDNONRAW_thumb_1015e-1-300x200.jpg 300w, https:\/\/designbylylo.com\/wp-content\/uploads\/2023\/11\/UNADJUSTEDNONRAW_thumb_1015e-1-768x512.jpg 768w, https:\/\/designbylylo.com\/wp-content\/uploads\/2023\/11\/UNADJUSTEDNONRAW_thumb_1015e-1.jpg 1086w\" sizes=\"auto, (max-width: 1024px) 100vw, 1024px\" \/><\/figure>\n\n\n\n<figure class=\"wp-block-image size-large\"><img loading=\"lazy\" decoding=\"async\" width=\"1024\" height=\"683\" data-id=\"373\" src=\"https:\/\/designbylylo.com\/wp-content\/uploads\/2023\/11\/UNADJUSTEDNONRAW_thumb_1015f-1-1024x683.jpg\" alt=\"\" class=\"wp-image-373\" srcset=\"https:\/\/designbylylo.com\/wp-content\/uploads\/2023\/11\/UNADJUSTEDNONRAW_thumb_1015f-1-1024x683.jpg 1024w, https:\/\/designbylylo.com\/wp-content\/uploads\/2023\/11\/UNADJUSTEDNONRAW_thumb_1015f-1-300x200.jpg 300w, https:\/\/designbylylo.com\/wp-content\/uploads\/2023\/11\/UNADJUSTEDNONRAW_thumb_1015f-1-768x512.jpg 768w, https:\/\/designbylylo.com\/wp-content\/uploads\/2023\/11\/UNADJUSTEDNONRAW_thumb_1015f-1.jpg 1086w\" sizes=\"auto, (max-width: 1024px) 100vw, 1024px\" \/><\/figure>\n<\/figure>\n\n\n\n<figure class=\"wp-block-gallery has-nested-images columns-default is-cropped wp-block-gallery-3 is-layout-flex wp-block-gallery-is-layout-flex\">\n<figure class=\"wp-block-image size-large\"><img loading=\"lazy\" decoding=\"async\" width=\"1024\" height=\"683\" data-id=\"380\" src=\"https:\/\/designbylylo.com\/wp-content\/uploads\/2023\/11\/UNADJUSTEDNONRAW_thumb_10161-1-1024x683.jpg\" alt=\"\" class=\"wp-image-380\" srcset=\"https:\/\/designbylylo.com\/wp-content\/uploads\/2023\/11\/UNADJUSTEDNONRAW_thumb_10161-1-1024x683.jpg 1024w, https:\/\/designbylylo.com\/wp-content\/uploads\/2023\/11\/UNADJUSTEDNONRAW_thumb_10161-1-300x200.jpg 300w, https:\/\/designbylylo.com\/wp-content\/uploads\/2023\/11\/UNADJUSTEDNONRAW_thumb_10161-1-768x512.jpg 768w, https:\/\/designbylylo.com\/wp-content\/uploads\/2023\/11\/UNADJUSTEDNONRAW_thumb_10161-1.jpg 1086w\" sizes=\"auto, (max-width: 1024px) 100vw, 1024px\" \/><\/figure>\n\n\n\n<figure class=\"wp-block-image size-large\"><img loading=\"lazy\" decoding=\"async\" width=\"1024\" height=\"683\" data-id=\"383\" src=\"https:\/\/designbylylo.com\/wp-content\/uploads\/2023\/11\/UNADJUSTEDNONRAW_thumb_10167-3-1024x683.jpg\" alt=\"\" class=\"wp-image-383\" srcset=\"https:\/\/designbylylo.com\/wp-content\/uploads\/2023\/11\/UNADJUSTEDNONRAW_thumb_10167-3-1024x683.jpg 1024w, https:\/\/designbylylo.com\/wp-content\/uploads\/2023\/11\/UNADJUSTEDNONRAW_thumb_10167-3-300x200.jpg 300w, https:\/\/designbylylo.com\/wp-content\/uploads\/2023\/11\/UNADJUSTEDNONRAW_thumb_10167-3-768x512.jpg 768w, https:\/\/designbylylo.com\/wp-content\/uploads\/2023\/11\/UNADJUSTEDNONRAW_thumb_10167-3.jpg 1086w\" sizes=\"auto, (max-width: 1024px) 100vw, 1024px\" \/><\/figure>\n<\/figure>\n\n\n\n<figure class=\"wp-block-gallery has-nested-images columns-default is-cropped wp-block-gallery-4 is-layout-flex wp-block-gallery-is-layout-flex\">\n<figure class=\"wp-block-image size-large\"><img loading=\"lazy\" decoding=\"async\" width=\"768\" height=\"1024\" data-id=\"419\" src=\"https:\/\/designbylylo.com\/wp-content\/uploads\/2023\/11\/51B61647-29C7-40F8-93BD-340F0BB98F5E_1_102_o-768x1024.jpeg\" alt=\"\" class=\"wp-image-419\" srcset=\"https:\/\/designbylylo.com\/wp-content\/uploads\/2023\/11\/51B61647-29C7-40F8-93BD-340F0BB98F5E_1_102_o-768x1024.jpeg 768w, https:\/\/designbylylo.com\/wp-content\/uploads\/2023\/11\/51B61647-29C7-40F8-93BD-340F0BB98F5E_1_102_o-225x300.jpeg 225w, https:\/\/designbylylo.com\/wp-content\/uploads\/2023\/11\/51B61647-29C7-40F8-93BD-340F0BB98F5E_1_102_o-1152x1536.jpeg 1152w, https:\/\/designbylylo.com\/wp-content\/uploads\/2023\/11\/51B61647-29C7-40F8-93BD-340F0BB98F5E_1_102_o-1170x1560.jpeg 1170w, https:\/\/designbylylo.com\/wp-content\/uploads\/2023\/11\/51B61647-29C7-40F8-93BD-340F0BB98F5E_1_102_o.jpeg 1536w\" sizes=\"auto, (max-width: 768px) 100vw, 768px\" \/><\/figure>\n\n\n\n<figure class=\"wp-block-image size-large\"><img loading=\"lazy\" decoding=\"async\" width=\"768\" height=\"1024\" data-id=\"418\" src=\"https:\/\/designbylylo.com\/wp-content\/uploads\/2023\/11\/94E9739F-01C2-4FD0-929C-4A96B1C6B920_1_102_o-768x1024.jpeg\" alt=\"\" class=\"wp-image-418\" srcset=\"https:\/\/designbylylo.com\/wp-content\/uploads\/2023\/11\/94E9739F-01C2-4FD0-929C-4A96B1C6B920_1_102_o-768x1024.jpeg 768w, https:\/\/designbylylo.com\/wp-content\/uploads\/2023\/11\/94E9739F-01C2-4FD0-929C-4A96B1C6B920_1_102_o-225x300.jpeg 225w, https:\/\/designbylylo.com\/wp-content\/uploads\/2023\/11\/94E9739F-01C2-4FD0-929C-4A96B1C6B920_1_102_o-1152x1536.jpeg 1152w, https:\/\/designbylylo.com\/wp-content\/uploads\/2023\/11\/94E9739F-01C2-4FD0-929C-4A96B1C6B920_1_102_o-1170x1560.jpeg 1170w, https:\/\/designbylylo.com\/wp-content\/uploads\/2023\/11\/94E9739F-01C2-4FD0-929C-4A96B1C6B920_1_102_o.jpeg 1536w\" sizes=\"auto, (max-width: 768px) 100vw, 768px\" \/><\/figure>\n\n\n\n<figure class=\"wp-block-image size-large\"><img loading=\"lazy\" decoding=\"async\" width=\"768\" height=\"1024\" data-id=\"422\" src=\"https:\/\/designbylylo.com\/wp-content\/uploads\/2023\/11\/9095E755-1483-4371-967F-0A6E1F20418D_1_102_o-768x1024.jpeg\" alt=\"\" class=\"wp-image-422\" srcset=\"https:\/\/designbylylo.com\/wp-content\/uploads\/2023\/11\/9095E755-1483-4371-967F-0A6E1F20418D_1_102_o-768x1024.jpeg 768w, https:\/\/designbylylo.com\/wp-content\/uploads\/2023\/11\/9095E755-1483-4371-967F-0A6E1F20418D_1_102_o-225x300.jpeg 225w, https:\/\/designbylylo.com\/wp-content\/uploads\/2023\/11\/9095E755-1483-4371-967F-0A6E1F20418D_1_102_o-1152x1536.jpeg 1152w, https:\/\/designbylylo.com\/wp-content\/uploads\/2023\/11\/9095E755-1483-4371-967F-0A6E1F20418D_1_102_o-1170x1560.jpeg 1170w, https:\/\/designbylylo.com\/wp-content\/uploads\/2023\/11\/9095E755-1483-4371-967F-0A6E1F20418D_1_102_o.jpeg 1536w\" sizes=\"auto, (max-width: 768px) 100vw, 768px\" \/><\/figure>\n\n\n\n<figure class=\"wp-block-image size-large\"><img loading=\"lazy\" decoding=\"async\" width=\"768\" height=\"1024\" data-id=\"423\" src=\"https:\/\/designbylylo.com\/wp-content\/uploads\/2023\/11\/17755875-79AB-4095-990F-132983F38710_1_102_o-768x1024.jpeg\" alt=\"\" class=\"wp-image-423\" srcset=\"https:\/\/designbylylo.com\/wp-content\/uploads\/2023\/11\/17755875-79AB-4095-990F-132983F38710_1_102_o-768x1024.jpeg 768w, https:\/\/designbylylo.com\/wp-content\/uploads\/2023\/11\/17755875-79AB-4095-990F-132983F38710_1_102_o-225x300.jpeg 225w, https:\/\/designbylylo.com\/wp-content\/uploads\/2023\/11\/17755875-79AB-4095-990F-132983F38710_1_102_o-1152x1536.jpeg 1152w, https:\/\/designbylylo.com\/wp-content\/uploads\/2023\/11\/17755875-79AB-4095-990F-132983F38710_1_102_o-1170x1560.jpeg 1170w, https:\/\/designbylylo.com\/wp-content\/uploads\/2023\/11\/17755875-79AB-4095-990F-132983F38710_1_102_o.jpeg 1536w\" sizes=\"auto, (max-width: 768px) 100vw, 768px\" \/><\/figure>\n\n\n\n<figure class=\"wp-block-image size-large\"><img loading=\"lazy\" decoding=\"async\" width=\"768\" height=\"1024\" data-id=\"425\" src=\"https:\/\/designbylylo.com\/wp-content\/uploads\/2023\/11\/A492C03C-D5CF-4877-93EF-85831F26663C_1_102_o-768x1024.jpeg\" alt=\"\" class=\"wp-image-425\" srcset=\"https:\/\/designbylylo.com\/wp-content\/uploads\/2023\/11\/A492C03C-D5CF-4877-93EF-85831F26663C_1_102_o-768x1024.jpeg 768w, https:\/\/designbylylo.com\/wp-content\/uploads\/2023\/11\/A492C03C-D5CF-4877-93EF-85831F26663C_1_102_o-225x300.jpeg 225w, https:\/\/designbylylo.com\/wp-content\/uploads\/2023\/11\/A492C03C-D5CF-4877-93EF-85831F26663C_1_102_o-1152x1536.jpeg 1152w, https:\/\/designbylylo.com\/wp-content\/uploads\/2023\/11\/A492C03C-D5CF-4877-93EF-85831F26663C_1_102_o-1170x1560.jpeg 1170w, https:\/\/designbylylo.com\/wp-content\/uploads\/2023\/11\/A492C03C-D5CF-4877-93EF-85831F26663C_1_102_o.jpeg 1536w\" sizes=\"auto, (max-width: 768px) 100vw, 768px\" \/><\/figure>\n\n\n\n<figure class=\"wp-block-image size-large\"><img loading=\"lazy\" decoding=\"async\" width=\"768\" height=\"1024\" data-id=\"428\" src=\"https:\/\/designbylylo.com\/wp-content\/uploads\/2023\/11\/A95884A1-445C-4852-9E99-828FABF09F52_1_102_o-768x1024.jpeg\" alt=\"\" class=\"wp-image-428\" srcset=\"https:\/\/designbylylo.com\/wp-content\/uploads\/2023\/11\/A95884A1-445C-4852-9E99-828FABF09F52_1_102_o-768x1024.jpeg 768w, https:\/\/designbylylo.com\/wp-content\/uploads\/2023\/11\/A95884A1-445C-4852-9E99-828FABF09F52_1_102_o-225x300.jpeg 225w, https:\/\/designbylylo.com\/wp-content\/uploads\/2023\/11\/A95884A1-445C-4852-9E99-828FABF09F52_1_102_o-1152x1536.jpeg 1152w, https:\/\/designbylylo.com\/wp-content\/uploads\/2023\/11\/A95884A1-445C-4852-9E99-828FABF09F52_1_102_o-1170x1560.jpeg 1170w, https:\/\/designbylylo.com\/wp-content\/uploads\/2023\/11\/A95884A1-445C-4852-9E99-828FABF09F52_1_102_o.jpeg 1536w\" sizes=\"auto, (max-width: 768px) 100vw, 768px\" \/><\/figure>\n\n\n\n<figure class=\"wp-block-image size-large\"><img loading=\"lazy\" decoding=\"async\" width=\"768\" height=\"1024\" data-id=\"429\" src=\"https:\/\/designbylylo.com\/wp-content\/uploads\/2023\/11\/B42F292B-76FD-402C-81BB-AA9639850466_1_102_o-768x1024.jpeg\" alt=\"\" class=\"wp-image-429\" srcset=\"https:\/\/designbylylo.com\/wp-content\/uploads\/2023\/11\/B42F292B-76FD-402C-81BB-AA9639850466_1_102_o-768x1024.jpeg 768w, https:\/\/designbylylo.com\/wp-content\/uploads\/2023\/11\/B42F292B-76FD-402C-81BB-AA9639850466_1_102_o-225x300.jpeg 225w, https:\/\/designbylylo.com\/wp-content\/uploads\/2023\/11\/B42F292B-76FD-402C-81BB-AA9639850466_1_102_o-1152x1536.jpeg 1152w, https:\/\/designbylylo.com\/wp-content\/uploads\/2023\/11\/B42F292B-76FD-402C-81BB-AA9639850466_1_102_o-1170x1560.jpeg 1170w, https:\/\/designbylylo.com\/wp-content\/uploads\/2023\/11\/B42F292B-76FD-402C-81BB-AA9639850466_1_102_o.jpeg 1536w\" sizes=\"auto, (max-width: 768px) 100vw, 768px\" \/><\/figure>\n\n\n\n<figure class=\"wp-block-image size-large\"><img loading=\"lazy\" decoding=\"async\" width=\"768\" height=\"1024\" data-id=\"430\" src=\"https:\/\/designbylylo.com\/wp-content\/uploads\/2023\/11\/B82F7DB7-1982-4BEE-9A3A-5396CFB7C208_1_102_o-768x1024.jpeg\" alt=\"\" class=\"wp-image-430\" srcset=\"https:\/\/designbylylo.com\/wp-content\/uploads\/2023\/11\/B82F7DB7-1982-4BEE-9A3A-5396CFB7C208_1_102_o-768x1024.jpeg 768w, https:\/\/designbylylo.com\/wp-content\/uploads\/2023\/11\/B82F7DB7-1982-4BEE-9A3A-5396CFB7C208_1_102_o-225x300.jpeg 225w, https:\/\/designbylylo.com\/wp-content\/uploads\/2023\/11\/B82F7DB7-1982-4BEE-9A3A-5396CFB7C208_1_102_o-1152x1536.jpeg 1152w, https:\/\/designbylylo.com\/wp-content\/uploads\/2023\/11\/B82F7DB7-1982-4BEE-9A3A-5396CFB7C208_1_102_o-1170x1560.jpeg 1170w, https:\/\/designbylylo.com\/wp-content\/uploads\/2023\/11\/B82F7DB7-1982-4BEE-9A3A-5396CFB7C208_1_102_o.jpeg 1536w\" sizes=\"auto, (max-width: 768px) 100vw, 768px\" \/><\/figure>\n\n\n\n<figure class=\"wp-block-image size-large\"><img loading=\"lazy\" decoding=\"async\" width=\"768\" height=\"1024\" data-id=\"433\" src=\"https:\/\/designbylylo.com\/wp-content\/uploads\/2023\/11\/DE3327B2-CA79-4AED-920B-8BB4BEB113B4_1_102_o-768x1024.jpeg\" alt=\"\" class=\"wp-image-433\" srcset=\"https:\/\/designbylylo.com\/wp-content\/uploads\/2023\/11\/DE3327B2-CA79-4AED-920B-8BB4BEB113B4_1_102_o-768x1024.jpeg 768w, https:\/\/designbylylo.com\/wp-content\/uploads\/2023\/11\/DE3327B2-CA79-4AED-920B-8BB4BEB113B4_1_102_o-225x300.jpeg 225w, https:\/\/designbylylo.com\/wp-content\/uploads\/2023\/11\/DE3327B2-CA79-4AED-920B-8BB4BEB113B4_1_102_o-1152x1536.jpeg 1152w, https:\/\/designbylylo.com\/wp-content\/uploads\/2023\/11\/DE3327B2-CA79-4AED-920B-8BB4BEB113B4_1_102_o-1170x1560.jpeg 1170w, https:\/\/designbylylo.com\/wp-content\/uploads\/2023\/11\/DE3327B2-CA79-4AED-920B-8BB4BEB113B4_1_102_o.jpeg 1536w\" sizes=\"auto, (max-width: 768px) 100vw, 768px\" \/><\/figure>\n\n\n\n<figure class=\"wp-block-image size-large\"><img loading=\"lazy\" decoding=\"async\" width=\"768\" height=\"1024\" data-id=\"432\" src=\"https:\/\/designbylylo.com\/wp-content\/uploads\/2023\/11\/F7D56422-98CF-4A32-AB92-31ECAB2EDDE3_1_102_o-768x1024.jpeg\" alt=\"\" class=\"wp-image-432\" srcset=\"https:\/\/designbylylo.com\/wp-content\/uploads\/2023\/11\/F7D56422-98CF-4A32-AB92-31ECAB2EDDE3_1_102_o-768x1024.jpeg 768w, https:\/\/designbylylo.com\/wp-content\/uploads\/2023\/11\/F7D56422-98CF-4A32-AB92-31ECAB2EDDE3_1_102_o-225x300.jpeg 225w, https:\/\/designbylylo.com\/wp-content\/uploads\/2023\/11\/F7D56422-98CF-4A32-AB92-31ECAB2EDDE3_1_102_o-1152x1536.jpeg 1152w, https:\/\/designbylylo.com\/wp-content\/uploads\/2023\/11\/F7D56422-98CF-4A32-AB92-31ECAB2EDDE3_1_102_o-1170x1560.jpeg 1170w, https:\/\/designbylylo.com\/wp-content\/uploads\/2023\/11\/F7D56422-98CF-4A32-AB92-31ECAB2EDDE3_1_102_o.jpeg 1536w\" sizes=\"auto, (max-width: 768px) 100vw, 768px\" \/><\/figure>\n<\/figure>\n","protected":false},"excerpt":{"rendered":"<p>La nuit, la dimension la plus priv\u00e9e de notre vie, est enrichie de nouvelles suggestions de formes et de mat\u00e9riaux qui s&rsquo;associent pour cr\u00e9er des ambiances accueillantes. Nous \u00e9prouvons des sensations \u00e0 toucher et \u00e0 voir, en choisissant parmi la texture du bois, la vari\u00e9t\u00e9 des finitions laqu\u00e9es et le savoir-faire vestimentaire appliqu\u00e9 aux rev\u00eatements [&hellip;]<\/p>\n","protected":false},"author":1,"featured_media":0,"parent":37,"menu_order":4,"comment_status":"closed","ping_status":"closed","template":"","meta":{"footnotes":""},"class_list":["post-274","page","type-page","status-publish","hentry"],"_links":{"self":[{"href":"https:\/\/designbylylo.com\/index.php\/wp-json\/wp\/v2\/pages\/274","targetHints":{"allow":["GET"]}}],"collection":[{"href":"https:\/\/designbylylo.com\/index.php\/wp-json\/wp\/v2\/pages"}],"about":[{"href":"https:\/\/designbylylo.com\/index.php\/wp-json\/wp\/v2\/types\/page"}],"author":[{"embeddable":true,"href":"https:\/\/designbylylo.com\/index.php\/wp-json\/wp\/v2\/users\/1"}],"replies":[{"embeddable":true,"href":"https:\/\/designbylylo.com\/index.php\/wp-json\/wp\/v2\/comments?post=274"}],"version-history":[{"count":15,"href":"https:\/\/designbylylo.com\/index.php\/wp-json\/wp\/v2\/pages\/274\/revisions"}],"predecessor-version":[{"id":1062,"href":"https:\/\/designbylylo.com\/index.php\/wp-json\/wp\/v2\/pages\/274\/revisions\/1062"}],"up":[{"embeddable":true,"href":"https:\/\/designbylylo.com\/index.php\/wp-json\/wp\/v2\/pages\/37"}],"wp:attachment":[{"href":"https:\/\/designbylylo.com\/index.php\/wp-json\/wp\/v2\/media?parent=274"}],"curies":[{"name":"wp","href":"https:\/\/api.w.org\/{rel}","templated":true}]}}