{"id":272,"date":"2023-11-19T23:05:41","date_gmt":"2023-11-19T22:05:41","guid":{"rendered":"http:\/\/designbylylo.com\/?page_id=272"},"modified":"2023-11-24T18:46:58","modified_gmt":"2023-11-24T17:46:58","slug":"cuisine","status":"publish","type":"page","link":"https:\/\/designbylylo.com\/index.php\/home\/cuisine\/","title":{"rendered":"Cuisine"},"content":{"rendered":"\n<p>Chaque cuisine est construite pour assurer un bien-\u00eatre d\u2019utilisation total, un choix de mat\u00e9riaux harmonieux dans leurs formes et combinaisons et une production respectueuse de l\u2019environnement. Vous pourrez d\u00e9couvrir de nouvelles id\u00e9es pour une cuisine caract\u00e9ris\u00e9e par la recherche esth\u00e9tique et fonctionnelle. Des inspirations accrocheuses pour cr\u00e9er votre propre espace cuisine avec un tout nouvel ensemble de finitions, des plans de travail innovants et des astuces d&rsquo;utilisation pratiques et \u00e9tonnantes.<\/p>\n\n\n\n<p>Chaque aspect concernant la production d\u2019une cuisine suit un code \u00e9thique. La qualit\u00e9 et l&rsquo;innovation depuis plus de 50 ans, passe par la recherche de nouvelles solutions de design doit n\u00e9cessairement int\u00e9grer tradition et modernit\u00e9, en interpr\u00e9tant les changements \u00e0 travers l&rsquo;exp\u00e9rience. Le r\u00e9sultat est un engagement total pour garantir au client \u00e0 tous points de vue, une utilisation vertueuse des ressources de la plan\u00e8te. <\/p>\n\n\n\n<figure class=\"wp-block-gallery has-nested-images columns-default is-cropped wp-block-gallery-1 is-layout-flex wp-block-gallery-is-layout-flex\">\n<figure class=\"wp-block-image size-large\"><img loading=\"lazy\" decoding=\"async\" width=\"768\" height=\"1024\" data-id=\"66\" src=\"https:\/\/designbylylo.com\/wp-content\/uploads\/2023\/11\/02EA09C6-43DE-4B19-A0E1-0D970F31EF73_1_102_o-768x1024.jpeg\" alt=\"\" class=\"wp-image-66\" srcset=\"https:\/\/designbylylo.com\/wp-content\/uploads\/2023\/11\/02EA09C6-43DE-4B19-A0E1-0D970F31EF73_1_102_o-768x1024.jpeg 768w, https:\/\/designbylylo.com\/wp-content\/uploads\/2023\/11\/02EA09C6-43DE-4B19-A0E1-0D970F31EF73_1_102_o-225x300.jpeg 225w, https:\/\/designbylylo.com\/wp-content\/uploads\/2023\/11\/02EA09C6-43DE-4B19-A0E1-0D970F31EF73_1_102_o-1152x1536.jpeg 1152w, https:\/\/designbylylo.com\/wp-content\/uploads\/2023\/11\/02EA09C6-43DE-4B19-A0E1-0D970F31EF73_1_102_o.jpeg 1536w\" sizes=\"auto, (max-width: 768px) 100vw, 768px\" \/><\/figure>\n\n\n\n<figure class=\"wp-block-image size-large\"><img loading=\"lazy\" decoding=\"async\" width=\"768\" height=\"1024\" data-id=\"63\" src=\"https:\/\/designbylylo.com\/wp-content\/uploads\/2023\/11\/65ADB981-DB2F-4FED-BA3F-437FB13E6601_1_105_c-1.jpeg\" alt=\"\" class=\"wp-image-63\" srcset=\"https:\/\/designbylylo.com\/wp-content\/uploads\/2023\/11\/65ADB981-DB2F-4FED-BA3F-437FB13E6601_1_105_c-1.jpeg 768w, https:\/\/designbylylo.com\/wp-content\/uploads\/2023\/11\/65ADB981-DB2F-4FED-BA3F-437FB13E6601_1_105_c-1-225x300.jpeg 225w\" sizes=\"auto, (max-width: 768px) 100vw, 768px\" \/><\/figure>\n\n\n\n<figure class=\"wp-block-image size-large\"><img loading=\"lazy\" decoding=\"async\" width=\"1024\" height=\"683\" data-id=\"117\" src=\"https:\/\/designbylylo.com\/wp-content\/uploads\/2023\/11\/UNADJUSTEDNONRAW_thumb_10178-1-1024x683.jpg\" alt=\"\" class=\"wp-image-117\" srcset=\"https:\/\/designbylylo.com\/wp-content\/uploads\/2023\/11\/UNADJUSTEDNONRAW_thumb_10178-1-1024x683.jpg 1024w, https:\/\/designbylylo.com\/wp-content\/uploads\/2023\/11\/UNADJUSTEDNONRAW_thumb_10178-1-300x200.jpg 300w, https:\/\/designbylylo.com\/wp-content\/uploads\/2023\/11\/UNADJUSTEDNONRAW_thumb_10178-1-768x512.jpg 768w, https:\/\/designbylylo.com\/wp-content\/uploads\/2023\/11\/UNADJUSTEDNONRAW_thumb_10178-1.jpg 1086w\" sizes=\"auto, (max-width: 1024px) 100vw, 1024px\" \/><\/figure>\n\n\n\n<figure class=\"wp-block-image size-large\"><img loading=\"lazy\" decoding=\"async\" width=\"1024\" height=\"683\" data-id=\"118\" src=\"https:\/\/designbylylo.com\/wp-content\/uploads\/2023\/11\/UNADJUSTEDNONRAW_thumb_10177-1-1024x683.jpg\" alt=\"\" class=\"wp-image-118\" srcset=\"https:\/\/designbylylo.com\/wp-content\/uploads\/2023\/11\/UNADJUSTEDNONRAW_thumb_10177-1-1024x683.jpg 1024w, https:\/\/designbylylo.com\/wp-content\/uploads\/2023\/11\/UNADJUSTEDNONRAW_thumb_10177-1-300x200.jpg 300w, https:\/\/designbylylo.com\/wp-content\/uploads\/2023\/11\/UNADJUSTEDNONRAW_thumb_10177-1-768x512.jpg 768w, https:\/\/designbylylo.com\/wp-content\/uploads\/2023\/11\/UNADJUSTEDNONRAW_thumb_10177-1.jpg 1086w\" sizes=\"auto, (max-width: 1024px) 100vw, 1024px\" \/><\/figure>\n\n\n\n<figure class=\"wp-block-image size-large\"><img loading=\"lazy\" decoding=\"async\" width=\"1024\" height=\"683\" data-id=\"120\" src=\"https:\/\/designbylylo.com\/wp-content\/uploads\/2023\/11\/UNADJUSTEDNONRAW_thumb_10176-1-1024x683.jpg\" alt=\"\" class=\"wp-image-120\" srcset=\"https:\/\/designbylylo.com\/wp-content\/uploads\/2023\/11\/UNADJUSTEDNONRAW_thumb_10176-1-1024x683.jpg 1024w, https:\/\/designbylylo.com\/wp-content\/uploads\/2023\/11\/UNADJUSTEDNONRAW_thumb_10176-1-300x200.jpg 300w, https:\/\/designbylylo.com\/wp-content\/uploads\/2023\/11\/UNADJUSTEDNONRAW_thumb_10176-1-768x512.jpg 768w, https:\/\/designbylylo.com\/wp-content\/uploads\/2023\/11\/UNADJUSTEDNONRAW_thumb_10176-1.jpg 1086w\" sizes=\"auto, (max-width: 1024px) 100vw, 1024px\" \/><\/figure>\n\n\n\n<figure class=\"wp-block-image size-large\"><img loading=\"lazy\" decoding=\"async\" width=\"1024\" height=\"683\" data-id=\"122\" src=\"https:\/\/designbylylo.com\/wp-content\/uploads\/2023\/11\/UNADJUSTEDNONRAW_thumb_10170-1-1024x683.jpg\" alt=\"\" class=\"wp-image-122\" srcset=\"https:\/\/designbylylo.com\/wp-content\/uploads\/2023\/11\/UNADJUSTEDNONRAW_thumb_10170-1-1024x683.jpg 1024w, https:\/\/designbylylo.com\/wp-content\/uploads\/2023\/11\/UNADJUSTEDNONRAW_thumb_10170-1-300x200.jpg 300w, https:\/\/designbylylo.com\/wp-content\/uploads\/2023\/11\/UNADJUSTEDNONRAW_thumb_10170-1-768x512.jpg 768w, https:\/\/designbylylo.com\/wp-content\/uploads\/2023\/11\/UNADJUSTEDNONRAW_thumb_10170-1.jpg 1086w\" sizes=\"auto, (max-width: 1024px) 100vw, 1024px\" \/><\/figure>\n\n\n\n<figure class=\"wp-block-image size-large\"><img loading=\"lazy\" decoding=\"async\" width=\"1024\" height=\"683\" data-id=\"123\" src=\"https:\/\/designbylylo.com\/wp-content\/uploads\/2023\/11\/UNADJUSTEDNONRAW_thumb_10173-1-1024x683.jpg\" alt=\"\" class=\"wp-image-123\" srcset=\"https:\/\/designbylylo.com\/wp-content\/uploads\/2023\/11\/UNADJUSTEDNONRAW_thumb_10173-1-1024x683.jpg 1024w, https:\/\/designbylylo.com\/wp-content\/uploads\/2023\/11\/UNADJUSTEDNONRAW_thumb_10173-1-300x200.jpg 300w, https:\/\/designbylylo.com\/wp-content\/uploads\/2023\/11\/UNADJUSTEDNONRAW_thumb_10173-1-768x512.jpg 768w, https:\/\/designbylylo.com\/wp-content\/uploads\/2023\/11\/UNADJUSTEDNONRAW_thumb_10173-1.jpg 1086w\" sizes=\"auto, (max-width: 1024px) 100vw, 1024px\" \/><\/figure>\n<\/figure>\n\n\n\n<figure class=\"wp-block-gallery has-nested-images columns-default is-cropped wp-block-gallery-2 is-layout-flex wp-block-gallery-is-layout-flex\">\n<figure class=\"wp-block-image size-large\"><img loading=\"lazy\" decoding=\"async\" width=\"1024\" height=\"683\" data-id=\"343\" src=\"https:\/\/designbylylo.com\/wp-content\/uploads\/2023\/11\/UNADJUSTEDNONRAW_thumb_10171-2-1024x683.jpg\" alt=\"\" class=\"wp-image-343\" srcset=\"https:\/\/designbylylo.com\/wp-content\/uploads\/2023\/11\/UNADJUSTEDNONRAW_thumb_10171-2-1024x683.jpg 1024w, https:\/\/designbylylo.com\/wp-content\/uploads\/2023\/11\/UNADJUSTEDNONRAW_thumb_10171-2-300x200.jpg 300w, https:\/\/designbylylo.com\/wp-content\/uploads\/2023\/11\/UNADJUSTEDNONRAW_thumb_10171-2-768x512.jpg 768w, https:\/\/designbylylo.com\/wp-content\/uploads\/2023\/11\/UNADJUSTEDNONRAW_thumb_10171-2.jpg 1086w\" sizes=\"auto, (max-width: 1024px) 100vw, 1024px\" \/><\/figure>\n\n\n\n<figure class=\"wp-block-image size-large\"><img loading=\"lazy\" decoding=\"async\" width=\"1024\" height=\"683\" data-id=\"340\" src=\"https:\/\/designbylylo.com\/wp-content\/uploads\/2023\/11\/UNADJUSTEDNONRAW_thumb_10172-2-1024x683.jpg\" alt=\"\" class=\"wp-image-340\" srcset=\"https:\/\/designbylylo.com\/wp-content\/uploads\/2023\/11\/UNADJUSTEDNONRAW_thumb_10172-2-1024x683.jpg 1024w, https:\/\/designbylylo.com\/wp-content\/uploads\/2023\/11\/UNADJUSTEDNONRAW_thumb_10172-2-300x200.jpg 300w, https:\/\/designbylylo.com\/wp-content\/uploads\/2023\/11\/UNADJUSTEDNONRAW_thumb_10172-2-768x512.jpg 768w, https:\/\/designbylylo.com\/wp-content\/uploads\/2023\/11\/UNADJUSTEDNONRAW_thumb_10172-2.jpg 1086w\" sizes=\"auto, (max-width: 1024px) 100vw, 1024px\" \/><\/figure>\n\n\n\n<figure class=\"wp-block-image size-large\"><img loading=\"lazy\" decoding=\"async\" width=\"1024\" height=\"683\" data-id=\"342\" src=\"https:\/\/designbylylo.com\/wp-content\/uploads\/2023\/11\/UNADJUSTEDNONRAW_thumb_10173-3-1024x683.jpg\" alt=\"\" class=\"wp-image-342\" srcset=\"https:\/\/designbylylo.com\/wp-content\/uploads\/2023\/11\/UNADJUSTEDNONRAW_thumb_10173-3-1024x683.jpg 1024w, https:\/\/designbylylo.com\/wp-content\/uploads\/2023\/11\/UNADJUSTEDNONRAW_thumb_10173-3-300x200.jpg 300w, https:\/\/designbylylo.com\/wp-content\/uploads\/2023\/11\/UNADJUSTEDNONRAW_thumb_10173-3-768x512.jpg 768w, https:\/\/designbylylo.com\/wp-content\/uploads\/2023\/11\/UNADJUSTEDNONRAW_thumb_10173-3.jpg 1086w\" sizes=\"auto, (max-width: 1024px) 100vw, 1024px\" \/><\/figure>\n\n\n\n<figure class=\"wp-block-image size-large\"><img loading=\"lazy\" decoding=\"async\" width=\"1024\" height=\"683\" data-id=\"344\" src=\"https:\/\/designbylylo.com\/wp-content\/uploads\/2023\/11\/UNADJUSTEDNONRAW_thumb_10175-2-1024x683.jpg\" alt=\"\" class=\"wp-image-344\" srcset=\"https:\/\/designbylylo.com\/wp-content\/uploads\/2023\/11\/UNADJUSTEDNONRAW_thumb_10175-2-1024x683.jpg 1024w, https:\/\/designbylylo.com\/wp-content\/uploads\/2023\/11\/UNADJUSTEDNONRAW_thumb_10175-2-300x200.jpg 300w, https:\/\/designbylylo.com\/wp-content\/uploads\/2023\/11\/UNADJUSTEDNONRAW_thumb_10175-2-768x512.jpg 768w, https:\/\/designbylylo.com\/wp-content\/uploads\/2023\/11\/UNADJUSTEDNONRAW_thumb_10175-2.jpg 1086w\" sizes=\"auto, (max-width: 1024px) 100vw, 1024px\" \/><\/figure>\n\n\n\n<figure class=\"wp-block-image size-large\"><img loading=\"lazy\" decoding=\"async\" width=\"1024\" height=\"683\" data-id=\"345\" src=\"https:\/\/designbylylo.com\/wp-content\/uploads\/2023\/11\/UNADJUSTEDNONRAW_thumb_10176-3-1024x683.jpg\" alt=\"\" class=\"wp-image-345\" srcset=\"https:\/\/designbylylo.com\/wp-content\/uploads\/2023\/11\/UNADJUSTEDNONRAW_thumb_10176-3-1024x683.jpg 1024w, https:\/\/designbylylo.com\/wp-content\/uploads\/2023\/11\/UNADJUSTEDNONRAW_thumb_10176-3-300x200.jpg 300w, https:\/\/designbylylo.com\/wp-content\/uploads\/2023\/11\/UNADJUSTEDNONRAW_thumb_10176-3-768x512.jpg 768w, https:\/\/designbylylo.com\/wp-content\/uploads\/2023\/11\/UNADJUSTEDNONRAW_thumb_10176-3.jpg 1086w\" sizes=\"auto, (max-width: 1024px) 100vw, 1024px\" \/><\/figure>\n\n\n\n<figure class=\"wp-block-image size-large\"><img loading=\"lazy\" decoding=\"async\" width=\"1024\" height=\"683\" data-id=\"346\" src=\"https:\/\/designbylylo.com\/wp-content\/uploads\/2023\/11\/UNADJUSTEDNONRAW_thumb_10178-3-1024x683.jpg\" alt=\"\" class=\"wp-image-346\" srcset=\"https:\/\/designbylylo.com\/wp-content\/uploads\/2023\/11\/UNADJUSTEDNONRAW_thumb_10178-3-1024x683.jpg 1024w, https:\/\/designbylylo.com\/wp-content\/uploads\/2023\/11\/UNADJUSTEDNONRAW_thumb_10178-3-300x200.jpg 300w, https:\/\/designbylylo.com\/wp-content\/uploads\/2023\/11\/UNADJUSTEDNONRAW_thumb_10178-3-768x512.jpg 768w, https:\/\/designbylylo.com\/wp-content\/uploads\/2023\/11\/UNADJUSTEDNONRAW_thumb_10178-3.jpg 1086w\" sizes=\"auto, (max-width: 1024px) 100vw, 1024px\" \/><\/figure>\n\n\n\n<figure class=\"wp-block-image size-large\"><img loading=\"lazy\" decoding=\"async\" width=\"1024\" height=\"683\" data-id=\"347\" src=\"https:\/\/designbylylo.com\/wp-content\/uploads\/2023\/11\/UNADJUSTEDNONRAW_thumb_10179-2-1024x683.jpg\" alt=\"\" class=\"wp-image-347\" srcset=\"https:\/\/designbylylo.com\/wp-content\/uploads\/2023\/11\/UNADJUSTEDNONRAW_thumb_10179-2-1024x683.jpg 1024w, https:\/\/designbylylo.com\/wp-content\/uploads\/2023\/11\/UNADJUSTEDNONRAW_thumb_10179-2-300x200.jpg 300w, https:\/\/designbylylo.com\/wp-content\/uploads\/2023\/11\/UNADJUSTEDNONRAW_thumb_10179-2-768x512.jpg 768w, https:\/\/designbylylo.com\/wp-content\/uploads\/2023\/11\/UNADJUSTEDNONRAW_thumb_10179-2.jpg 1086w\" sizes=\"auto, (max-width: 1024px) 100vw, 1024px\" \/><\/figure>\n<\/figure>\n\n\n\n<figure class=\"wp-block-gallery has-nested-images columns-default is-cropped wp-block-gallery-3 is-layout-flex wp-block-gallery-is-layout-flex\">\n<figure class=\"wp-block-image size-large\"><img loading=\"lazy\" decoding=\"async\" width=\"1024\" height=\"683\" data-id=\"388\" src=\"https:\/\/designbylylo.com\/wp-content\/uploads\/2023\/11\/UNADJUSTEDNONRAW_thumb_10171-3-1024x683.jpg\" alt=\"\" class=\"wp-image-388\" srcset=\"https:\/\/designbylylo.com\/wp-content\/uploads\/2023\/11\/UNADJUSTEDNONRAW_thumb_10171-3-1024x683.jpg 1024w, https:\/\/designbylylo.com\/wp-content\/uploads\/2023\/11\/UNADJUSTEDNONRAW_thumb_10171-3-300x200.jpg 300w, https:\/\/designbylylo.com\/wp-content\/uploads\/2023\/11\/UNADJUSTEDNONRAW_thumb_10171-3-768x512.jpg 768w, https:\/\/designbylylo.com\/wp-content\/uploads\/2023\/11\/UNADJUSTEDNONRAW_thumb_10171-3.jpg 1086w\" sizes=\"auto, (max-width: 1024px) 100vw, 1024px\" \/><\/figure>\n\n\n\n<figure class=\"wp-block-image size-large\"><img loading=\"lazy\" decoding=\"async\" width=\"1024\" height=\"683\" data-id=\"391\" src=\"https:\/\/designbylylo.com\/wp-content\/uploads\/2023\/11\/UNADJUSTEDNONRAW_thumb_10173-4-1024x683.jpg\" alt=\"\" class=\"wp-image-391\" srcset=\"https:\/\/designbylylo.com\/wp-content\/uploads\/2023\/11\/UNADJUSTEDNONRAW_thumb_10173-4-1024x683.jpg 1024w, https:\/\/designbylylo.com\/wp-content\/uploads\/2023\/11\/UNADJUSTEDNONRAW_thumb_10173-4-300x200.jpg 300w, https:\/\/designbylylo.com\/wp-content\/uploads\/2023\/11\/UNADJUSTEDNONRAW_thumb_10173-4-768x512.jpg 768w, https:\/\/designbylylo.com\/wp-content\/uploads\/2023\/11\/UNADJUSTEDNONRAW_thumb_10173-4.jpg 1086w\" sizes=\"auto, (max-width: 1024px) 100vw, 1024px\" \/><\/figure>\n\n\n\n<figure class=\"wp-block-image size-large\"><img loading=\"lazy\" decoding=\"async\" width=\"1024\" height=\"683\" data-id=\"392\" src=\"https:\/\/designbylylo.com\/wp-content\/uploads\/2023\/11\/UNADJUSTEDNONRAW_thumb_10170-4-1024x683.jpg\" alt=\"\" class=\"wp-image-392\" srcset=\"https:\/\/designbylylo.com\/wp-content\/uploads\/2023\/11\/UNADJUSTEDNONRAW_thumb_10170-4-1024x683.jpg 1024w, https:\/\/designbylylo.com\/wp-content\/uploads\/2023\/11\/UNADJUSTEDNONRAW_thumb_10170-4-300x200.jpg 300w, https:\/\/designbylylo.com\/wp-content\/uploads\/2023\/11\/UNADJUSTEDNONRAW_thumb_10170-4-768x512.jpg 768w, https:\/\/designbylylo.com\/wp-content\/uploads\/2023\/11\/UNADJUSTEDNONRAW_thumb_10170-4.jpg 1086w\" sizes=\"auto, (max-width: 1024px) 100vw, 1024px\" \/><\/figure>\n<\/figure>\n\n\n\n<figure class=\"wp-block-gallery has-nested-images columns-default is-cropped wp-block-gallery-4 is-layout-flex wp-block-gallery-is-layout-flex\">\n<figure class=\"wp-block-image size-large\"><img loading=\"lazy\" decoding=\"async\" width=\"768\" height=\"1024\" data-id=\"398\" src=\"https:\/\/designbylylo.com\/wp-content\/uploads\/2023\/11\/5F0B8672-6AA5-47E6-8409-41138FDBAD1A_1_105_c-2.jpeg\" alt=\"\" class=\"wp-image-398\" srcset=\"https:\/\/designbylylo.com\/wp-content\/uploads\/2023\/11\/5F0B8672-6AA5-47E6-8409-41138FDBAD1A_1_105_c-2.jpeg 768w, https:\/\/designbylylo.com\/wp-content\/uploads\/2023\/11\/5F0B8672-6AA5-47E6-8409-41138FDBAD1A_1_105_c-2-225x300.jpeg 225w\" sizes=\"auto, (max-width: 768px) 100vw, 768px\" \/><\/figure>\n\n\n\n<figure class=\"wp-block-image size-large\"><img loading=\"lazy\" decoding=\"async\" width=\"768\" height=\"1024\" data-id=\"399\" src=\"https:\/\/designbylylo.com\/wp-content\/uploads\/2023\/11\/8DF31708-2D9D-45F5-94FC-A85125482F82_1_105_c-2.jpeg\" alt=\"\" class=\"wp-image-399\" srcset=\"https:\/\/designbylylo.com\/wp-content\/uploads\/2023\/11\/8DF31708-2D9D-45F5-94FC-A85125482F82_1_105_c-2.jpeg 768w, https:\/\/designbylylo.com\/wp-content\/uploads\/2023\/11\/8DF31708-2D9D-45F5-94FC-A85125482F82_1_105_c-2-225x300.jpeg 225w\" sizes=\"auto, (max-width: 768px) 100vw, 768px\" \/><\/figure>\n<\/figure>\n\n\n\n<figure class=\"wp-block-gallery has-nested-images columns-default is-cropped wp-block-gallery-5 is-layout-flex wp-block-gallery-is-layout-flex\">\n<figure class=\"wp-block-image size-large\"><img loading=\"lazy\" decoding=\"async\" width=\"768\" height=\"1024\" data-id=\"410\" src=\"https:\/\/designbylylo.com\/wp-content\/uploads\/2023\/11\/8624E743-9888-4D73-BFE1-7028A4B42490_1_102_o-768x1024.jpeg\" alt=\"\" class=\"wp-image-410\" srcset=\"https:\/\/designbylylo.com\/wp-content\/uploads\/2023\/11\/8624E743-9888-4D73-BFE1-7028A4B42490_1_102_o-768x1024.jpeg 768w, https:\/\/designbylylo.com\/wp-content\/uploads\/2023\/11\/8624E743-9888-4D73-BFE1-7028A4B42490_1_102_o-225x300.jpeg 225w, https:\/\/designbylylo.com\/wp-content\/uploads\/2023\/11\/8624E743-9888-4D73-BFE1-7028A4B42490_1_102_o-1152x1536.jpeg 1152w, https:\/\/designbylylo.com\/wp-content\/uploads\/2023\/11\/8624E743-9888-4D73-BFE1-7028A4B42490_1_102_o-1170x1560.jpeg 1170w, https:\/\/designbylylo.com\/wp-content\/uploads\/2023\/11\/8624E743-9888-4D73-BFE1-7028A4B42490_1_102_o.jpeg 1536w\" sizes=\"auto, (max-width: 768px) 100vw, 768px\" \/><\/figure>\n\n\n\n<figure class=\"wp-block-image size-large\"><img loading=\"lazy\" decoding=\"async\" width=\"768\" height=\"1024\" data-id=\"409\" src=\"https:\/\/designbylylo.com\/wp-content\/uploads\/2023\/11\/7089660E-B8A5-43E2-B549-E12DD432A163_1_102_o-768x1024.jpeg\" alt=\"\" class=\"wp-image-409\" srcset=\"https:\/\/designbylylo.com\/wp-content\/uploads\/2023\/11\/7089660E-B8A5-43E2-B549-E12DD432A163_1_102_o-768x1024.jpeg 768w, https:\/\/designbylylo.com\/wp-content\/uploads\/2023\/11\/7089660E-B8A5-43E2-B549-E12DD432A163_1_102_o-225x300.jpeg 225w, https:\/\/designbylylo.com\/wp-content\/uploads\/2023\/11\/7089660E-B8A5-43E2-B549-E12DD432A163_1_102_o-1152x1536.jpeg 1152w, https:\/\/designbylylo.com\/wp-content\/uploads\/2023\/11\/7089660E-B8A5-43E2-B549-E12DD432A163_1_102_o-1170x1560.jpeg 1170w, https:\/\/designbylylo.com\/wp-content\/uploads\/2023\/11\/7089660E-B8A5-43E2-B549-E12DD432A163_1_102_o.jpeg 1536w\" sizes=\"auto, (max-width: 768px) 100vw, 768px\" \/><\/figure>\n\n\n\n<figure class=\"wp-block-image size-large\"><img loading=\"lazy\" decoding=\"async\" width=\"768\" height=\"1024\" data-id=\"407\" src=\"https:\/\/designbylylo.com\/wp-content\/uploads\/2023\/11\/AA4A5102-1ECC-4595-ACB3-AE525FD419DB_1_102_o-768x1024.jpeg\" alt=\"\" class=\"wp-image-407\" srcset=\"https:\/\/designbylylo.com\/wp-content\/uploads\/2023\/11\/AA4A5102-1ECC-4595-ACB3-AE525FD419DB_1_102_o-768x1024.jpeg 768w, https:\/\/designbylylo.com\/wp-content\/uploads\/2023\/11\/AA4A5102-1ECC-4595-ACB3-AE525FD419DB_1_102_o-225x300.jpeg 225w, https:\/\/designbylylo.com\/wp-content\/uploads\/2023\/11\/AA4A5102-1ECC-4595-ACB3-AE525FD419DB_1_102_o-1152x1536.jpeg 1152w, https:\/\/designbylylo.com\/wp-content\/uploads\/2023\/11\/AA4A5102-1ECC-4595-ACB3-AE525FD419DB_1_102_o-1170x1560.jpeg 1170w, https:\/\/designbylylo.com\/wp-content\/uploads\/2023\/11\/AA4A5102-1ECC-4595-ACB3-AE525FD419DB_1_102_o.jpeg 1536w\" sizes=\"auto, (max-width: 768px) 100vw, 768px\" \/><\/figure>\n\n\n\n<figure class=\"wp-block-image size-large\"><img loading=\"lazy\" decoding=\"async\" width=\"768\" height=\"1024\" data-id=\"405\" src=\"https:\/\/designbylylo.com\/wp-content\/uploads\/2023\/11\/D3E67066-56BC-4DB5-9F6C-5483421B4478_1_105_c-2.jpeg\" alt=\"\" class=\"wp-image-405\" srcset=\"https:\/\/designbylylo.com\/wp-content\/uploads\/2023\/11\/D3E67066-56BC-4DB5-9F6C-5483421B4478_1_105_c-2.jpeg 768w, https:\/\/designbylylo.com\/wp-content\/uploads\/2023\/11\/D3E67066-56BC-4DB5-9F6C-5483421B4478_1_105_c-2-225x300.jpeg 225w\" sizes=\"auto, (max-width: 768px) 100vw, 768px\" \/><\/figure>\n\n\n\n<figure class=\"wp-block-image size-large\"><img loading=\"lazy\" decoding=\"async\" width=\"768\" height=\"1024\" data-id=\"412\" src=\"https:\/\/designbylylo.com\/wp-content\/uploads\/2023\/11\/9D8A77A4-530D-40F6-BCE8-F3479337E8D3_1_102_o-768x1024.jpeg\" alt=\"\" class=\"wp-image-412\" srcset=\"https:\/\/designbylylo.com\/wp-content\/uploads\/2023\/11\/9D8A77A4-530D-40F6-BCE8-F3479337E8D3_1_102_o-768x1024.jpeg 768w, https:\/\/designbylylo.com\/wp-content\/uploads\/2023\/11\/9D8A77A4-530D-40F6-BCE8-F3479337E8D3_1_102_o-225x300.jpeg 225w, https:\/\/designbylylo.com\/wp-content\/uploads\/2023\/11\/9D8A77A4-530D-40F6-BCE8-F3479337E8D3_1_102_o-1152x1536.jpeg 1152w, https:\/\/designbylylo.com\/wp-content\/uploads\/2023\/11\/9D8A77A4-530D-40F6-BCE8-F3479337E8D3_1_102_o-1170x1560.jpeg 1170w, https:\/\/designbylylo.com\/wp-content\/uploads\/2023\/11\/9D8A77A4-530D-40F6-BCE8-F3479337E8D3_1_102_o.jpeg 1536w\" sizes=\"auto, (max-width: 768px) 100vw, 768px\" \/><\/figure>\n<\/figure>\n","protected":false},"excerpt":{"rendered":"<p>Chaque cuisine est construite pour assurer un bien-\u00eatre d\u2019utilisation total, un choix de mat\u00e9riaux harmonieux dans leurs formes et combinaisons et une production respectueuse de l\u2019environnement. Vous pourrez d\u00e9couvrir de nouvelles id\u00e9es pour une cuisine caract\u00e9ris\u00e9e par la recherche esth\u00e9tique et fonctionnelle. Des inspirations accrocheuses pour cr\u00e9er votre propre espace cuisine avec un tout nouvel [&hellip;]<\/p>\n","protected":false},"author":1,"featured_media":0,"parent":37,"menu_order":3,"comment_status":"closed","ping_status":"closed","template":"","meta":{"footnotes":""},"class_list":["post-272","page","type-page","status-publish","hentry"],"_links":{"self":[{"href":"https:\/\/designbylylo.com\/index.php\/wp-json\/wp\/v2\/pages\/272","targetHints":{"allow":["GET"]}}],"collection":[{"href":"https:\/\/designbylylo.com\/index.php\/wp-json\/wp\/v2\/pages"}],"about":[{"href":"https:\/\/designbylylo.com\/index.php\/wp-json\/wp\/v2\/types\/page"}],"author":[{"embeddable":true,"href":"https:\/\/designbylylo.com\/index.php\/wp-json\/wp\/v2\/users\/1"}],"replies":[{"embeddable":true,"href":"https:\/\/designbylylo.com\/index.php\/wp-json\/wp\/v2\/comments?post=272"}],"version-history":[{"count":10,"href":"https:\/\/designbylylo.com\/index.php\/wp-json\/wp\/v2\/pages\/272\/revisions"}],"predecessor-version":[{"id":861,"href":"https:\/\/designbylylo.com\/index.php\/wp-json\/wp\/v2\/pages\/272\/revisions\/861"}],"up":[{"embeddable":true,"href":"https:\/\/designbylylo.com\/index.php\/wp-json\/wp\/v2\/pages\/37"}],"wp:attachment":[{"href":"https:\/\/designbylylo.com\/index.php\/wp-json\/wp\/v2\/media?parent=272"}],"curies":[{"name":"wp","href":"https:\/\/api.w.org\/{rel}","templated":true}]}}