{"id":261,"date":"2023-11-18T17:24:34","date_gmt":"2023-11-18T16:24:34","guid":{"rendered":"http:\/\/designbylylo.com\/?page_id=261"},"modified":"2023-11-18T19:00:22","modified_gmt":"2023-11-18T18:00:22","slug":"latest-post","status":"publish","type":"page","link":"https:\/\/designbylylo.com\/index.php\/news\/latest-post\/","title":{"rendered":"Latest Post"},"content":{"rendered":"\n<div class=\"wp-block-query is-layout-flow wp-block-query-is-layout-flow\"><ul class=\"wp-block-post-template is-layout-flow wp-block-post-template-is-layout-flow\"><li class=\"wp-block-post post-1235 post type-post status-publish format-standard has-post-thumbnail hentry category-exposition\">\n\n<div class=\"wp-block-columns alignwide is-layout-flex wp-container-core-columns-is-layout-28f84493 wp-block-columns-is-layout-flex\">\n<div class=\"wp-block-column is-layout-flow wp-block-column-is-layout-flow\" style=\"flex-basis:66.66%\"><figure class=\"wp-block-post-featured-image\"><a href=\"https:\/\/designbylylo.com\/index.php\/2024\/05\/15\/salon-du-meuble-de-milan-2024\/\" target=\"_self\"  ><img loading=\"lazy\" decoding=\"async\" width=\"1170\" height=\"1560\" src=\"https:\/\/designbylylo.com\/wp-content\/uploads\/2024\/05\/CBC88599-7090-423E-A1CB-74B837392034_1_102_o-1170x1560.jpeg\" class=\"attachment-post-thumbnail size-post-thumbnail wp-post-image\" alt=\"Salon du meuble de Milan 2024\" style=\"object-fit:cover;\" srcset=\"https:\/\/designbylylo.com\/wp-content\/uploads\/2024\/05\/CBC88599-7090-423E-A1CB-74B837392034_1_102_o-1170x1560.jpeg 1170w, https:\/\/designbylylo.com\/wp-content\/uploads\/2024\/05\/CBC88599-7090-423E-A1CB-74B837392034_1_102_o-225x300.jpeg 225w, https:\/\/designbylylo.com\/wp-content\/uploads\/2024\/05\/CBC88599-7090-423E-A1CB-74B837392034_1_102_o-768x1024.jpeg 768w, https:\/\/designbylylo.com\/wp-content\/uploads\/2024\/05\/CBC88599-7090-423E-A1CB-74B837392034_1_102_o-1152x1536.jpeg 1152w, https:\/\/designbylylo.com\/wp-content\/uploads\/2024\/05\/CBC88599-7090-423E-A1CB-74B837392034_1_102_o.jpeg 1536w\" sizes=\"auto, (max-width: 1170px) 100vw, 1170px\" \/><\/a><\/figure><\/div>\n\n\n\n<div class=\"wp-block-column is-layout-flow wp-block-column-is-layout-flow\" style=\"flex-basis:33.33%\"><h2 class=\"wp-block-post-title\"><a href=\"https:\/\/designbylylo.com\/index.php\/2024\/05\/15\/salon-du-meuble-de-milan-2024\/\" target=\"_self\" >Salon du meuble de Milan 2024<\/a><\/h2>\n\n<div class=\"wp-block-post-excerpt\"><p class=\"wp-block-post-excerpt__excerpt\">El salone del mobile Milano 2024, a \u00e9t\u00e9 un ravissement des sens et une vraie th\u00e9rapie par la couleur, le design et l&rsquo;inattendu! Ce qui est tr\u00e8s stimulant et porteur d&rsquo;espoir pour un pr\u00e9sent et un avenir radieux, une d\u00e9coration sans brides ni interdits, juste une expression libre de joie cr\u00e9ative. Voici quelques moments forts,\u2026 <\/p><\/div><\/div>\n<\/div>\n\n<\/li><li class=\"wp-block-post post-1066 post type-post status-publish format-standard has-post-thumbnail hentry category-evenement\">\n\n<div class=\"wp-block-columns alignwide is-layout-flex wp-container-core-columns-is-layout-28f84493 wp-block-columns-is-layout-flex\">\n<div class=\"wp-block-column is-layout-flow wp-block-column-is-layout-flow\" style=\"flex-basis:66.66%\"><figure class=\"wp-block-post-featured-image\"><a href=\"https:\/\/designbylylo.com\/index.php\/2023\/12\/13\/salon-maison-objet-paris-2023\/\" target=\"_self\"  ><img loading=\"lazy\" decoding=\"async\" width=\"1024\" height=\"682\" src=\"https:\/\/designbylylo.com\/wp-content\/uploads\/2023\/12\/3D3A7041-C9CA-4863-9140-5DA66BE98C37_1_105_c-e1702488506966.jpeg\" class=\"attachment-post-thumbnail size-post-thumbnail wp-post-image\" alt=\"Salon Maison &#038; Objet Paris &#8211; Janvier 2023\" style=\"object-fit:cover;\" srcset=\"https:\/\/designbylylo.com\/wp-content\/uploads\/2023\/12\/3D3A7041-C9CA-4863-9140-5DA66BE98C37_1_105_c-e1702488506966.jpeg 1024w, https:\/\/designbylylo.com\/wp-content\/uploads\/2023\/12\/3D3A7041-C9CA-4863-9140-5DA66BE98C37_1_105_c-e1702488506966-300x200.jpeg 300w, https:\/\/designbylylo.com\/wp-content\/uploads\/2023\/12\/3D3A7041-C9CA-4863-9140-5DA66BE98C37_1_105_c-e1702488506966-768x512.jpeg 768w\" sizes=\"auto, (max-width: 1024px) 100vw, 1024px\" \/><\/a><\/figure><\/div>\n\n\n\n<div class=\"wp-block-column is-layout-flow wp-block-column-is-layout-flow\" style=\"flex-basis:33.33%\"><h2 class=\"wp-block-post-title\"><a href=\"https:\/\/designbylylo.com\/index.php\/2023\/12\/13\/salon-maison-objet-paris-2023\/\" target=\"_self\" >Salon Maison &#038; Objet Paris &#8211; Janvier 2023<\/a><\/h2>\n\n<div class=\"wp-block-post-excerpt\"><p class=\"wp-block-post-excerpt__excerpt\">Cette \u00e9dition de janvier a \u00e9t\u00e9 haute en couleur et sous le signe du bien-\u00eatre \u00ab&nbsp;Take care&nbsp;!&nbsp;\u00bb. Le mobilier pr\u00e9sente des formes r\u00e9confortantes et au textile doux et accueillant avec toujours la laine boucl\u00e9e. Les canap\u00e9s, les fauteuils et m\u00eame les chaises s\u2019arrondissent! Les luminaires deviennent des objets d&rsquo;art, et la fantaisie dans le design\u2026 <\/p><\/div><\/div>\n<\/div>\n\n<\/li><li class=\"wp-block-post post-891 post type-post status-publish format-standard has-post-thumbnail hentry category-evenement\">\n\n<div class=\"wp-block-columns alignwide is-layout-flex wp-container-core-columns-is-layout-28f84493 wp-block-columns-is-layout-flex\">\n<div class=\"wp-block-column is-layout-flow wp-block-column-is-layout-flow\" style=\"flex-basis:66.66%\"><figure class=\"wp-block-post-featured-image\"><a href=\"https:\/\/designbylylo.com\/index.php\/2023\/11\/28\/deco-off-paris-janvier-2023\/\" target=\"_self\"  ><img loading=\"lazy\" decoding=\"async\" width=\"768\" height=\"512\" src=\"https:\/\/designbylylo.com\/wp-content\/uploads\/2023\/11\/A9927F75-2BD3-4A15-BD0C-4A581B848811_1_105_c-e1701447853931.jpeg\" class=\"attachment-post-thumbnail size-post-thumbnail wp-post-image\" alt=\"Deco Off Paris Janvier 2023\" style=\"object-fit:cover;\" srcset=\"https:\/\/designbylylo.com\/wp-content\/uploads\/2023\/11\/A9927F75-2BD3-4A15-BD0C-4A581B848811_1_105_c-e1701447853931.jpeg 768w, https:\/\/designbylylo.com\/wp-content\/uploads\/2023\/11\/A9927F75-2BD3-4A15-BD0C-4A581B848811_1_105_c-e1701447853931-300x200.jpeg 300w\" sizes=\"auto, (max-width: 768px) 100vw, 768px\" \/><\/a><\/figure><\/div>\n\n\n\n<div class=\"wp-block-column is-layout-flow wp-block-column-is-layout-flow\" style=\"flex-basis:33.33%\"><h2 class=\"wp-block-post-title\"><a href=\"https:\/\/designbylylo.com\/index.php\/2023\/11\/28\/deco-off-paris-janvier-2023\/\" target=\"_self\" >Deco Off Paris Janvier 2023<\/a><\/h2>\n\n<div class=\"wp-block-post-excerpt\"><p class=\"wp-block-post-excerpt__excerpt\">L&rsquo;\u00e9v\u00e8nement parisien incontournable, qui permet aux \u00e9diteurs de pr\u00e9senter leurs nouvelles collections de tissu, papier peint, passementerie, rev\u00eatement mural\u2026et d&rsquo;ouvrir leurs showrooms aux professionnels de la d\u00e9coration dans un esprit convivial et cr\u00e9atif, durant 5 jours \u00e0 Paris sur la rive droite rue du mail et rive gauche place st-germain. <\/p><\/div><\/div>\n<\/div>\n\n<\/li><\/ul><\/div>\n","protected":false},"excerpt":{"rendered":"","protected":false},"author":1,"featured_media":0,"parent":203,"menu_order":2,"comment_status":"closed","ping_status":"closed","template":"","meta":{"footnotes":""},"class_list":["post-261","page","type-page","status-publish","hentry"],"_links":{"self":[{"href":"https:\/\/designbylylo.com\/index.php\/wp-json\/wp\/v2\/pages\/261","targetHints":{"allow":["GET"]}}],"collection":[{"href":"https:\/\/designbylylo.com\/index.php\/wp-json\/wp\/v2\/pages"}],"about":[{"href":"https:\/\/designbylylo.com\/index.php\/wp-json\/wp\/v2\/types\/page"}],"author":[{"embeddable":true,"href":"https:\/\/designbylylo.com\/index.php\/wp-json\/wp\/v2\/users\/1"}],"replies":[{"embeddable":true,"href":"https:\/\/designbylylo.com\/index.php\/wp-json\/wp\/v2\/comments?post=261"}],"version-history":[{"count":2,"href":"https:\/\/designbylylo.com\/index.php\/wp-json\/wp\/v2\/pages\/261\/revisions"}],"predecessor-version":[{"id":264,"href":"https:\/\/designbylylo.com\/index.php\/wp-json\/wp\/v2\/pages\/261\/revisions\/264"}],"up":[{"embeddable":true,"href":"https:\/\/designbylylo.com\/index.php\/wp-json\/wp\/v2\/pages\/203"}],"wp:attachment":[{"href":"https:\/\/designbylylo.com\/index.php\/wp-json\/wp\/v2\/media?parent=261"}],"curies":[{"name":"wp","href":"https:\/\/api.w.org\/{rel}","templated":true}]}}