{"id":226,"date":"2023-11-16T22:09:20","date_gmt":"2023-11-16T21:09:20","guid":{"rendered":"http:\/\/designbylylo.com\/?page_id=226"},"modified":"2023-12-08T17:16:00","modified_gmt":"2023-12-08T16:16:00","slug":"mobilier","status":"publish","type":"page","link":"https:\/\/designbylylo.com\/index.php\/home\/mobilier\/","title":{"rendered":"Mobilier"},"content":{"rendered":"\n<p>Les murs peuvent avoir une fonction alternative : ils peuvent devenir moins intrusifs et plus cr\u00e9atifs. Les rangements lib\u00e8rent de l&rsquo;espace et r\u00e9organisent les objets que nous utilisons quotidiennement. Ils seront tant\u00f4t cach\u00e9s derri\u00e8re des portes coulissantes, tant\u00f4t expos\u00e9s dans des agencements \u00e9l\u00e9gants pour vivre en toute libert\u00e9 un nouveau jour.<\/p>\n\n\n\n<p>Nous proposons des meubles contemporains de design et fabrication italienne, avec des solutions qui couvrent l&rsquo;espace de vie et de nuit avec un large choix de mat\u00e9riaux, tailles, et accessoires personnalisables. L&rsquo;\u00e9l\u00e9gance et la tonalit\u00e9 des couleurs permet de concevoir des meubles uniques qui s&rsquo;int\u00e8grent facilement dans vos int\u00e9rieurs, la gamme est enrichie avec des teintes m\u00e9tallis\u00e9es or, cuivre et laiton et de textures bois et b\u00e9ton.<\/p>\n\n\n\n<p>La large gamme de mod\u00e8les, tailles et finitions nous permet de cr\u00e9er les compositions les plus vari\u00e9es, en harmonie avec n&rsquo;importe quel espace et contexte stylistique. Ce qui aboutit \u00e0 une conception cr\u00e9ative et unique imagin\u00e9e pour vous!<\/p>\n\n\n\n<figure class=\"wp-block-gallery has-nested-images columns-default is-cropped wp-block-gallery-1 is-layout-flex wp-block-gallery-is-layout-flex\">\n<figure class=\"wp-block-image size-large\"><img loading=\"lazy\" decoding=\"async\" width=\"1024\" height=\"683\" data-id=\"130\" src=\"https:\/\/designbylylo.com\/wp-content\/uploads\/2023\/11\/UNADJUSTEDNONRAW_thumb_10150-1024x683.jpg\" alt=\"\" class=\"wp-image-130\" srcset=\"https:\/\/designbylylo.com\/wp-content\/uploads\/2023\/11\/UNADJUSTEDNONRAW_thumb_10150-1024x683.jpg 1024w, https:\/\/designbylylo.com\/wp-content\/uploads\/2023\/11\/UNADJUSTEDNONRAW_thumb_10150-300x200.jpg 300w, https:\/\/designbylylo.com\/wp-content\/uploads\/2023\/11\/UNADJUSTEDNONRAW_thumb_10150-768x512.jpg 768w, https:\/\/designbylylo.com\/wp-content\/uploads\/2023\/11\/UNADJUSTEDNONRAW_thumb_10150.jpg 1086w\" sizes=\"auto, (max-width: 1024px) 100vw, 1024px\" \/><\/figure>\n\n\n\n<figure class=\"wp-block-image size-large\"><img loading=\"lazy\" decoding=\"async\" width=\"1024\" height=\"683\" data-id=\"128\" src=\"https:\/\/designbylylo.com\/wp-content\/uploads\/2023\/11\/UNADJUSTEDNONRAW_thumb_10156-1024x683.jpg\" alt=\"\" class=\"wp-image-128\" srcset=\"https:\/\/designbylylo.com\/wp-content\/uploads\/2023\/11\/UNADJUSTEDNONRAW_thumb_10156-1024x683.jpg 1024w, https:\/\/designbylylo.com\/wp-content\/uploads\/2023\/11\/UNADJUSTEDNONRAW_thumb_10156-300x200.jpg 300w, https:\/\/designbylylo.com\/wp-content\/uploads\/2023\/11\/UNADJUSTEDNONRAW_thumb_10156-768x512.jpg 768w, https:\/\/designbylylo.com\/wp-content\/uploads\/2023\/11\/UNADJUSTEDNONRAW_thumb_10156.jpg 1086w\" sizes=\"auto, (max-width: 1024px) 100vw, 1024px\" \/><\/figure>\n\n\n\n<figure class=\"wp-block-image size-large\"><img loading=\"lazy\" decoding=\"async\" width=\"1024\" height=\"683\" data-id=\"125\" src=\"https:\/\/designbylylo.com\/wp-content\/uploads\/2023\/11\/UNADJUSTEDNONRAW_thumb_10166-1-1024x683.jpg\" alt=\"\" class=\"wp-image-125\" srcset=\"https:\/\/designbylylo.com\/wp-content\/uploads\/2023\/11\/UNADJUSTEDNONRAW_thumb_10166-1-1024x683.jpg 1024w, https:\/\/designbylylo.com\/wp-content\/uploads\/2023\/11\/UNADJUSTEDNONRAW_thumb_10166-1-300x200.jpg 300w, https:\/\/designbylylo.com\/wp-content\/uploads\/2023\/11\/UNADJUSTEDNONRAW_thumb_10166-1-768x512.jpg 768w, https:\/\/designbylylo.com\/wp-content\/uploads\/2023\/11\/UNADJUSTEDNONRAW_thumb_10166-1.jpg 1086w\" sizes=\"auto, (max-width: 1024px) 100vw, 1024px\" \/><\/figure>\n\n\n\n<figure class=\"wp-block-image size-large\"><img loading=\"lazy\" decoding=\"async\" width=\"1024\" height=\"683\" data-id=\"121\" src=\"https:\/\/designbylylo.com\/wp-content\/uploads\/2023\/11\/UNADJUSTEDNONRAW_thumb_10169-2-1024x683.jpg\" alt=\"\" class=\"wp-image-121\" srcset=\"https:\/\/designbylylo.com\/wp-content\/uploads\/2023\/11\/UNADJUSTEDNONRAW_thumb_10169-2-1024x683.jpg 1024w, https:\/\/designbylylo.com\/wp-content\/uploads\/2023\/11\/UNADJUSTEDNONRAW_thumb_10169-2-300x200.jpg 300w, https:\/\/designbylylo.com\/wp-content\/uploads\/2023\/11\/UNADJUSTEDNONRAW_thumb_10169-2-768x512.jpg 768w, https:\/\/designbylylo.com\/wp-content\/uploads\/2023\/11\/UNADJUSTEDNONRAW_thumb_10169-2.jpg 1086w\" sizes=\"auto, (max-width: 1024px) 100vw, 1024px\" \/><\/figure>\n<\/figure>\n\n\n\n<figure class=\"wp-block-gallery has-nested-images columns-default is-cropped wp-block-gallery-2 is-layout-flex wp-block-gallery-is-layout-flex\">\n<figure class=\"wp-block-image size-large\"><img loading=\"lazy\" decoding=\"async\" width=\"1024\" height=\"683\" data-id=\"303\" src=\"https:\/\/designbylylo.com\/wp-content\/uploads\/2023\/11\/UNADJUSTEDNONRAW_thumb_1016e-1024x683.jpg\" alt=\"\" class=\"wp-image-303\" srcset=\"https:\/\/designbylylo.com\/wp-content\/uploads\/2023\/11\/UNADJUSTEDNONRAW_thumb_1016e-1024x683.jpg 1024w, https:\/\/designbylylo.com\/wp-content\/uploads\/2023\/11\/UNADJUSTEDNONRAW_thumb_1016e-300x200.jpg 300w, https:\/\/designbylylo.com\/wp-content\/uploads\/2023\/11\/UNADJUSTEDNONRAW_thumb_1016e-768x512.jpg 768w, https:\/\/designbylylo.com\/wp-content\/uploads\/2023\/11\/UNADJUSTEDNONRAW_thumb_1016e.jpg 1086w\" sizes=\"auto, (max-width: 1024px) 100vw, 1024px\" \/><\/figure>\n\n\n\n<figure class=\"wp-block-image size-large\"><img loading=\"lazy\" decoding=\"async\" width=\"1024\" height=\"683\" data-id=\"304\" src=\"https:\/\/designbylylo.com\/wp-content\/uploads\/2023\/11\/UNADJUSTEDNONRAW_thumb_1016c-1024x683.jpg\" alt=\"\" class=\"wp-image-304\" srcset=\"https:\/\/designbylylo.com\/wp-content\/uploads\/2023\/11\/UNADJUSTEDNONRAW_thumb_1016c-1024x683.jpg 1024w, https:\/\/designbylylo.com\/wp-content\/uploads\/2023\/11\/UNADJUSTEDNONRAW_thumb_1016c-300x200.jpg 300w, https:\/\/designbylylo.com\/wp-content\/uploads\/2023\/11\/UNADJUSTEDNONRAW_thumb_1016c-768x512.jpg 768w, https:\/\/designbylylo.com\/wp-content\/uploads\/2023\/11\/UNADJUSTEDNONRAW_thumb_1016c.jpg 1086w\" sizes=\"auto, (max-width: 1024px) 100vw, 1024px\" \/><\/figure>\n\n\n\n<figure class=\"wp-block-image size-large\"><img loading=\"lazy\" decoding=\"async\" width=\"1024\" height=\"683\" data-id=\"305\" src=\"https:\/\/designbylylo.com\/wp-content\/uploads\/2023\/11\/UNADJUSTEDNONRAW_thumb_1016a-1024x683.jpg\" alt=\"\" class=\"wp-image-305\" srcset=\"https:\/\/designbylylo.com\/wp-content\/uploads\/2023\/11\/UNADJUSTEDNONRAW_thumb_1016a-1024x683.jpg 1024w, https:\/\/designbylylo.com\/wp-content\/uploads\/2023\/11\/UNADJUSTEDNONRAW_thumb_1016a-300x200.jpg 300w, https:\/\/designbylylo.com\/wp-content\/uploads\/2023\/11\/UNADJUSTEDNONRAW_thumb_1016a-768x512.jpg 768w, https:\/\/designbylylo.com\/wp-content\/uploads\/2023\/11\/UNADJUSTEDNONRAW_thumb_1016a.jpg 1086w\" sizes=\"auto, (max-width: 1024px) 100vw, 1024px\" \/><\/figure>\n\n\n\n<figure class=\"wp-block-image size-large\"><img loading=\"lazy\" decoding=\"async\" width=\"1024\" height=\"683\" data-id=\"308\" src=\"https:\/\/designbylylo.com\/wp-content\/uploads\/2023\/11\/UNADJUSTEDNONRAW_thumb_10168-1024x683.jpg\" alt=\"\" class=\"wp-image-308\" srcset=\"https:\/\/designbylylo.com\/wp-content\/uploads\/2023\/11\/UNADJUSTEDNONRAW_thumb_10168-1024x683.jpg 1024w, https:\/\/designbylylo.com\/wp-content\/uploads\/2023\/11\/UNADJUSTEDNONRAW_thumb_10168-300x200.jpg 300w, https:\/\/designbylylo.com\/wp-content\/uploads\/2023\/11\/UNADJUSTEDNONRAW_thumb_10168-768x512.jpg 768w, https:\/\/designbylylo.com\/wp-content\/uploads\/2023\/11\/UNADJUSTEDNONRAW_thumb_10168.jpg 1086w\" sizes=\"auto, (max-width: 1024px) 100vw, 1024px\" \/><\/figure>\n\n\n\n<figure class=\"wp-block-image size-large\"><img loading=\"lazy\" decoding=\"async\" width=\"1024\" height=\"683\" data-id=\"311\" src=\"https:\/\/designbylylo.com\/wp-content\/uploads\/2023\/11\/UNADJUSTEDNONRAW_thumb_10166-2-1024x683.jpg\" alt=\"\" class=\"wp-image-311\" srcset=\"https:\/\/designbylylo.com\/wp-content\/uploads\/2023\/11\/UNADJUSTEDNONRAW_thumb_10166-2-1024x683.jpg 1024w, https:\/\/designbylylo.com\/wp-content\/uploads\/2023\/11\/UNADJUSTEDNONRAW_thumb_10166-2-300x200.jpg 300w, https:\/\/designbylylo.com\/wp-content\/uploads\/2023\/11\/UNADJUSTEDNONRAW_thumb_10166-2-768x512.jpg 768w, https:\/\/designbylylo.com\/wp-content\/uploads\/2023\/11\/UNADJUSTEDNONRAW_thumb_10166-2.jpg 1086w\" sizes=\"auto, (max-width: 1024px) 100vw, 1024px\" \/><\/figure>\n\n\n\n<figure class=\"wp-block-image size-large\"><img loading=\"lazy\" decoding=\"async\" width=\"1024\" height=\"683\" data-id=\"324\" src=\"https:\/\/designbylylo.com\/wp-content\/uploads\/2023\/11\/UNADJUSTEDNONRAW_thumb_10157-1024x683.jpg\" alt=\"\" class=\"wp-image-324\" srcset=\"https:\/\/designbylylo.com\/wp-content\/uploads\/2023\/11\/UNADJUSTEDNONRAW_thumb_10157-1024x683.jpg 1024w, https:\/\/designbylylo.com\/wp-content\/uploads\/2023\/11\/UNADJUSTEDNONRAW_thumb_10157-300x200.jpg 300w, https:\/\/designbylylo.com\/wp-content\/uploads\/2023\/11\/UNADJUSTEDNONRAW_thumb_10157-768x512.jpg 768w, https:\/\/designbylylo.com\/wp-content\/uploads\/2023\/11\/UNADJUSTEDNONRAW_thumb_10157.jpg 1086w\" sizes=\"auto, (max-width: 1024px) 100vw, 1024px\" \/><\/figure>\n\n\n\n<figure class=\"wp-block-image size-large\"><img loading=\"lazy\" decoding=\"async\" width=\"1024\" height=\"683\" data-id=\"332\" src=\"https:\/\/designbylylo.com\/wp-content\/uploads\/2023\/11\/UNADJUSTEDNONRAW_thumb_10151-1024x683.jpg\" alt=\"\" class=\"wp-image-332\" srcset=\"https:\/\/designbylylo.com\/wp-content\/uploads\/2023\/11\/UNADJUSTEDNONRAW_thumb_10151-1024x683.jpg 1024w, https:\/\/designbylylo.com\/wp-content\/uploads\/2023\/11\/UNADJUSTEDNONRAW_thumb_10151-300x200.jpg 300w, https:\/\/designbylylo.com\/wp-content\/uploads\/2023\/11\/UNADJUSTEDNONRAW_thumb_10151-768x512.jpg 768w, https:\/\/designbylylo.com\/wp-content\/uploads\/2023\/11\/UNADJUSTEDNONRAW_thumb_10151.jpg 1086w\" sizes=\"auto, (max-width: 1024px) 100vw, 1024px\" \/><\/figure>\n\n\n\n<figure class=\"wp-block-image size-large\"><img loading=\"lazy\" decoding=\"async\" width=\"1024\" height=\"683\" data-id=\"333\" src=\"https:\/\/designbylylo.com\/wp-content\/uploads\/2023\/11\/UNADJUSTEDNONRAW_thumb_10150-1-1024x683.jpg\" alt=\"\" class=\"wp-image-333\" srcset=\"https:\/\/designbylylo.com\/wp-content\/uploads\/2023\/11\/UNADJUSTEDNONRAW_thumb_10150-1-1024x683.jpg 1024w, https:\/\/designbylylo.com\/wp-content\/uploads\/2023\/11\/UNADJUSTEDNONRAW_thumb_10150-1-300x200.jpg 300w, https:\/\/designbylylo.com\/wp-content\/uploads\/2023\/11\/UNADJUSTEDNONRAW_thumb_10150-1-768x512.jpg 768w, https:\/\/designbylylo.com\/wp-content\/uploads\/2023\/11\/UNADJUSTEDNONRAW_thumb_10150-1.jpg 1086w\" sizes=\"auto, (max-width: 1024px) 100vw, 1024px\" \/><\/figure>\n<\/figure>\n\n\n\n<figure class=\"wp-block-gallery has-nested-images columns-default is-cropped wp-block-gallery-3 is-layout-flex wp-block-gallery-is-layout-flex\">\n<figure class=\"wp-block-image size-large\"><img loading=\"lazy\" decoding=\"async\" width=\"768\" height=\"1024\" data-id=\"441\" src=\"https:\/\/designbylylo.com\/wp-content\/uploads\/2023\/11\/642275CF-440F-4CC1-8437-E388D6B38D47_1_102_o-768x1024.jpeg\" alt=\"\" class=\"wp-image-441\" srcset=\"https:\/\/designbylylo.com\/wp-content\/uploads\/2023\/11\/642275CF-440F-4CC1-8437-E388D6B38D47_1_102_o-768x1024.jpeg 768w, https:\/\/designbylylo.com\/wp-content\/uploads\/2023\/11\/642275CF-440F-4CC1-8437-E388D6B38D47_1_102_o-225x300.jpeg 225w, https:\/\/designbylylo.com\/wp-content\/uploads\/2023\/11\/642275CF-440F-4CC1-8437-E388D6B38D47_1_102_o-1152x1536.jpeg 1152w, https:\/\/designbylylo.com\/wp-content\/uploads\/2023\/11\/642275CF-440F-4CC1-8437-E388D6B38D47_1_102_o-1170x1560.jpeg 1170w, https:\/\/designbylylo.com\/wp-content\/uploads\/2023\/11\/642275CF-440F-4CC1-8437-E388D6B38D47_1_102_o.jpeg 1536w\" sizes=\"auto, (max-width: 768px) 100vw, 768px\" \/><\/figure>\n\n\n\n<figure class=\"wp-block-image size-large\"><img loading=\"lazy\" decoding=\"async\" width=\"768\" height=\"1024\" data-id=\"436\" src=\"https:\/\/designbylylo.com\/wp-content\/uploads\/2023\/11\/783051EA-6130-4567-8E76-CB57BBB75245_1_105_c-3.jpeg\" alt=\"\" class=\"wp-image-436\" srcset=\"https:\/\/designbylylo.com\/wp-content\/uploads\/2023\/11\/783051EA-6130-4567-8E76-CB57BBB75245_1_105_c-3.jpeg 768w, https:\/\/designbylylo.com\/wp-content\/uploads\/2023\/11\/783051EA-6130-4567-8E76-CB57BBB75245_1_105_c-3-225x300.jpeg 225w\" sizes=\"auto, (max-width: 768px) 100vw, 768px\" \/><\/figure>\n\n\n\n<figure class=\"wp-block-image size-large\"><img loading=\"lazy\" decoding=\"async\" width=\"768\" height=\"1024\" data-id=\"437\" src=\"https:\/\/designbylylo.com\/wp-content\/uploads\/2023\/11\/30224735-6FF6-462D-A61E-BD78623F4EA8_1_102_o-768x1024.jpeg\" alt=\"\" class=\"wp-image-437\" srcset=\"https:\/\/designbylylo.com\/wp-content\/uploads\/2023\/11\/30224735-6FF6-462D-A61E-BD78623F4EA8_1_102_o-768x1024.jpeg 768w, https:\/\/designbylylo.com\/wp-content\/uploads\/2023\/11\/30224735-6FF6-462D-A61E-BD78623F4EA8_1_102_o-225x300.jpeg 225w, https:\/\/designbylylo.com\/wp-content\/uploads\/2023\/11\/30224735-6FF6-462D-A61E-BD78623F4EA8_1_102_o-1152x1536.jpeg 1152w, https:\/\/designbylylo.com\/wp-content\/uploads\/2023\/11\/30224735-6FF6-462D-A61E-BD78623F4EA8_1_102_o-1170x1560.jpeg 1170w, https:\/\/designbylylo.com\/wp-content\/uploads\/2023\/11\/30224735-6FF6-462D-A61E-BD78623F4EA8_1_102_o.jpeg 1536w\" sizes=\"auto, (max-width: 768px) 100vw, 768px\" \/><\/figure>\n\n\n\n<figure class=\"wp-block-image size-large\"><img loading=\"lazy\" decoding=\"async\" width=\"768\" height=\"1024\" data-id=\"438\" src=\"https:\/\/designbylylo.com\/wp-content\/uploads\/2023\/11\/A18C47E8-346C-445A-8D78-32AE1E20C617_1_102_o-768x1024.jpeg\" alt=\"\" class=\"wp-image-438\" srcset=\"https:\/\/designbylylo.com\/wp-content\/uploads\/2023\/11\/A18C47E8-346C-445A-8D78-32AE1E20C617_1_102_o-768x1024.jpeg 768w, https:\/\/designbylylo.com\/wp-content\/uploads\/2023\/11\/A18C47E8-346C-445A-8D78-32AE1E20C617_1_102_o-225x300.jpeg 225w, https:\/\/designbylylo.com\/wp-content\/uploads\/2023\/11\/A18C47E8-346C-445A-8D78-32AE1E20C617_1_102_o-1152x1536.jpeg 1152w, https:\/\/designbylylo.com\/wp-content\/uploads\/2023\/11\/A18C47E8-346C-445A-8D78-32AE1E20C617_1_102_o-1170x1560.jpeg 1170w, https:\/\/designbylylo.com\/wp-content\/uploads\/2023\/11\/A18C47E8-346C-445A-8D78-32AE1E20C617_1_102_o.jpeg 1536w\" sizes=\"auto, (max-width: 768px) 100vw, 768px\" \/><\/figure>\n\n\n\n<figure class=\"wp-block-image size-large\"><img loading=\"lazy\" decoding=\"async\" width=\"768\" height=\"1024\" data-id=\"442\" src=\"https:\/\/designbylylo.com\/wp-content\/uploads\/2023\/11\/A37BE71E-7E71-413A-9371-6CB4C475E4ED_1_102_o-768x1024.jpeg\" alt=\"\" class=\"wp-image-442\" srcset=\"https:\/\/designbylylo.com\/wp-content\/uploads\/2023\/11\/A37BE71E-7E71-413A-9371-6CB4C475E4ED_1_102_o-768x1024.jpeg 768w, https:\/\/designbylylo.com\/wp-content\/uploads\/2023\/11\/A37BE71E-7E71-413A-9371-6CB4C475E4ED_1_102_o-225x300.jpeg 225w, https:\/\/designbylylo.com\/wp-content\/uploads\/2023\/11\/A37BE71E-7E71-413A-9371-6CB4C475E4ED_1_102_o-1152x1536.jpeg 1152w, https:\/\/designbylylo.com\/wp-content\/uploads\/2023\/11\/A37BE71E-7E71-413A-9371-6CB4C475E4ED_1_102_o-1170x1560.jpeg 1170w, https:\/\/designbylylo.com\/wp-content\/uploads\/2023\/11\/A37BE71E-7E71-413A-9371-6CB4C475E4ED_1_102_o.jpeg 1536w\" sizes=\"auto, (max-width: 768px) 100vw, 768px\" \/><\/figure>\n\n\n\n<figure class=\"wp-block-image size-large\"><img loading=\"lazy\" decoding=\"async\" width=\"768\" height=\"1024\" data-id=\"439\" src=\"https:\/\/designbylylo.com\/wp-content\/uploads\/2023\/11\/A70CFC7D-6F2A-4133-86BC-CFCBD7AA9840_1_102_o-768x1024.jpeg\" alt=\"\" class=\"wp-image-439\" srcset=\"https:\/\/designbylylo.com\/wp-content\/uploads\/2023\/11\/A70CFC7D-6F2A-4133-86BC-CFCBD7AA9840_1_102_o-768x1024.jpeg 768w, https:\/\/designbylylo.com\/wp-content\/uploads\/2023\/11\/A70CFC7D-6F2A-4133-86BC-CFCBD7AA9840_1_102_o-225x300.jpeg 225w, https:\/\/designbylylo.com\/wp-content\/uploads\/2023\/11\/A70CFC7D-6F2A-4133-86BC-CFCBD7AA9840_1_102_o-1152x1536.jpeg 1152w, https:\/\/designbylylo.com\/wp-content\/uploads\/2023\/11\/A70CFC7D-6F2A-4133-86BC-CFCBD7AA9840_1_102_o-1170x1560.jpeg 1170w, https:\/\/designbylylo.com\/wp-content\/uploads\/2023\/11\/A70CFC7D-6F2A-4133-86BC-CFCBD7AA9840_1_102_o.jpeg 1536w\" sizes=\"auto, (max-width: 768px) 100vw, 768px\" \/><\/figure>\n\n\n\n<figure class=\"wp-block-image size-large\"><img loading=\"lazy\" decoding=\"async\" width=\"1024\" height=\"683\" data-id=\"440\" src=\"https:\/\/designbylylo.com\/wp-content\/uploads\/2023\/11\/UNADJUSTEDNONRAW_thumb_1014e-2-1024x683.jpg\" alt=\"\" class=\"wp-image-440\" srcset=\"https:\/\/designbylylo.com\/wp-content\/uploads\/2023\/11\/UNADJUSTEDNONRAW_thumb_1014e-2-1024x683.jpg 1024w, https:\/\/designbylylo.com\/wp-content\/uploads\/2023\/11\/UNADJUSTEDNONRAW_thumb_1014e-2-300x200.jpg 300w, https:\/\/designbylylo.com\/wp-content\/uploads\/2023\/11\/UNADJUSTEDNONRAW_thumb_1014e-2-768x512.jpg 768w, https:\/\/designbylylo.com\/wp-content\/uploads\/2023\/11\/UNADJUSTEDNONRAW_thumb_1014e-2.jpg 1086w\" sizes=\"auto, (max-width: 1024px) 100vw, 1024px\" \/><\/figure>\n\n\n\n<figure class=\"wp-block-image size-large\"><img loading=\"lazy\" decoding=\"async\" width=\"1024\" height=\"683\" data-id=\"443\" src=\"https:\/\/designbylylo.com\/wp-content\/uploads\/2023\/11\/UNADJUSTEDNONRAW_thumb_1014d-2-1024x683.jpg\" alt=\"\" class=\"wp-image-443\" srcset=\"https:\/\/designbylylo.com\/wp-content\/uploads\/2023\/11\/UNADJUSTEDNONRAW_thumb_1014d-2-1024x683.jpg 1024w, https:\/\/designbylylo.com\/wp-content\/uploads\/2023\/11\/UNADJUSTEDNONRAW_thumb_1014d-2-300x200.jpg 300w, https:\/\/designbylylo.com\/wp-content\/uploads\/2023\/11\/UNADJUSTEDNONRAW_thumb_1014d-2-768x512.jpg 768w, https:\/\/designbylylo.com\/wp-content\/uploads\/2023\/11\/UNADJUSTEDNONRAW_thumb_1014d-2.jpg 1086w\" sizes=\"auto, (max-width: 1024px) 100vw, 1024px\" \/><\/figure>\n\n\n\n<figure class=\"wp-block-image size-large\"><img loading=\"lazy\" decoding=\"async\" width=\"768\" height=\"1024\" data-id=\"444\" src=\"https:\/\/designbylylo.com\/wp-content\/uploads\/2023\/11\/E9D417DE-319D-4276-8EF2-A94155E37DE6_1_102_o-768x1024.jpeg\" alt=\"\" class=\"wp-image-444\" srcset=\"https:\/\/designbylylo.com\/wp-content\/uploads\/2023\/11\/E9D417DE-319D-4276-8EF2-A94155E37DE6_1_102_o-768x1024.jpeg 768w, https:\/\/designbylylo.com\/wp-content\/uploads\/2023\/11\/E9D417DE-319D-4276-8EF2-A94155E37DE6_1_102_o-225x300.jpeg 225w, https:\/\/designbylylo.com\/wp-content\/uploads\/2023\/11\/E9D417DE-319D-4276-8EF2-A94155E37DE6_1_102_o-1152x1536.jpeg 1152w, https:\/\/designbylylo.com\/wp-content\/uploads\/2023\/11\/E9D417DE-319D-4276-8EF2-A94155E37DE6_1_102_o-1170x1560.jpeg 1170w, https:\/\/designbylylo.com\/wp-content\/uploads\/2023\/11\/E9D417DE-319D-4276-8EF2-A94155E37DE6_1_102_o.jpeg 1536w\" sizes=\"auto, (max-width: 768px) 100vw, 768px\" \/><\/figure>\n\n\n\n<figure class=\"wp-block-image size-large\"><img loading=\"lazy\" decoding=\"async\" width=\"768\" height=\"1024\" data-id=\"446\" src=\"https:\/\/designbylylo.com\/wp-content\/uploads\/2023\/11\/318BFEA6-E3EC-4EE1-B2A9-B9681C8994D1_1_102_o-768x1024.jpeg\" alt=\"\" class=\"wp-image-446\" srcset=\"https:\/\/designbylylo.com\/wp-content\/uploads\/2023\/11\/318BFEA6-E3EC-4EE1-B2A9-B9681C8994D1_1_102_o-768x1024.jpeg 768w, https:\/\/designbylylo.com\/wp-content\/uploads\/2023\/11\/318BFEA6-E3EC-4EE1-B2A9-B9681C8994D1_1_102_o-225x300.jpeg 225w, https:\/\/designbylylo.com\/wp-content\/uploads\/2023\/11\/318BFEA6-E3EC-4EE1-B2A9-B9681C8994D1_1_102_o-1152x1536.jpeg 1152w, https:\/\/designbylylo.com\/wp-content\/uploads\/2023\/11\/318BFEA6-E3EC-4EE1-B2A9-B9681C8994D1_1_102_o-1170x1560.jpeg 1170w, https:\/\/designbylylo.com\/wp-content\/uploads\/2023\/11\/318BFEA6-E3EC-4EE1-B2A9-B9681C8994D1_1_102_o.jpeg 1536w\" sizes=\"auto, (max-width: 768px) 100vw, 768px\" \/><\/figure>\n<\/figure>\n","protected":false},"excerpt":{"rendered":"<p>Les murs peuvent avoir une fonction alternative : ils peuvent devenir moins intrusifs et plus cr\u00e9atifs. Les rangements lib\u00e8rent de l&rsquo;espace et r\u00e9organisent les objets que nous utilisons quotidiennement. Ils seront tant\u00f4t cach\u00e9s derri\u00e8re des portes coulissantes, tant\u00f4t expos\u00e9s dans des agencements \u00e9l\u00e9gants pour vivre en toute libert\u00e9 un nouveau jour. Nous proposons des meubles [&hellip;]<\/p>\n","protected":false},"author":1,"featured_media":0,"parent":37,"menu_order":2,"comment_status":"closed","ping_status":"closed","template":"","meta":{"footnotes":""},"class_list":["post-226","page","type-page","status-publish","hentry"],"_links":{"self":[{"href":"https:\/\/designbylylo.com\/index.php\/wp-json\/wp\/v2\/pages\/226","targetHints":{"allow":["GET"]}}],"collection":[{"href":"https:\/\/designbylylo.com\/index.php\/wp-json\/wp\/v2\/pages"}],"about":[{"href":"https:\/\/designbylylo.com\/index.php\/wp-json\/wp\/v2\/types\/page"}],"author":[{"embeddable":true,"href":"https:\/\/designbylylo.com\/index.php\/wp-json\/wp\/v2\/users\/1"}],"replies":[{"embeddable":true,"href":"https:\/\/designbylylo.com\/index.php\/wp-json\/wp\/v2\/comments?post=226"}],"version-history":[{"count":16,"href":"https:\/\/designbylylo.com\/index.php\/wp-json\/wp\/v2\/pages\/226\/revisions"}],"predecessor-version":[{"id":1048,"href":"https:\/\/designbylylo.com\/index.php\/wp-json\/wp\/v2\/pages\/226\/revisions\/1048"}],"up":[{"embeddable":true,"href":"https:\/\/designbylylo.com\/index.php\/wp-json\/wp\/v2\/pages\/37"}],"wp:attachment":[{"href":"https:\/\/designbylylo.com\/index.php\/wp-json\/wp\/v2\/media?parent=226"}],"curies":[{"name":"wp","href":"https:\/\/api.w.org\/{rel}","templated":true}]}}